Last updated on 2024-03-28 01:54:09 CET.
Flavor | Version | Tinstall | Tcheck | Ttotal | Status | Flags |
---|---|---|---|---|---|---|
r-devel-linux-x86_64-debian-clang | 1.4.7 | 374.81 | 304.52 | 679.33 | OK | |
r-devel-linux-x86_64-debian-gcc | 1.4.7 | 291.14 | 223.06 | 514.20 | OK | |
r-devel-linux-x86_64-fedora-clang | 1.4.7 | 1425.00 | OK | |||
r-devel-linux-x86_64-fedora-gcc | 1.4.7 | 921.77 | OK | |||
r-devel-windows-x86_64 | 1.4.7 | 375.00 | 262.00 | 637.00 | OK | |
r-patched-linux-x86_64 | 1.4.7 | 368.61 | 303.07 | 671.68 | OK | |
r-release-linux-x86_64 | 1.4.7 | 357.83 | 305.36 | 663.19 | OK | |
r-release-macos-arm64 | 1.4.7 | 215.00 | NOTE | |||
r-release-macos-x86_64 | 1.4.7 | 331.00 | NOTE | |||
r-release-windows-x86_64 | 1.4.7 | 442.00 | 289.00 | 731.00 | OK | |
r-oldrel-macos-arm64 | 1.4.7 | 207.00 | NOTE | |||
r-oldrel-windows-x86_64 | 1.4.7 | 383.00 | 311.00 | 694.00 | OK |
Version: 1.4.7
Check: installed package size
Result: NOTE
installed size is 27.4Mb
sub-directories of 1Mb or more:
R 2.0Mb
libs 24.9Mb
Flavors: r-release-macos-arm64, r-release-macos-x86_64, r-oldrel-macos-arm64