Last updated on 2024-04-19 01:58:59 CEST.
Flavor | Version | Tinstall | Tcheck | Ttotal | Status | Flags |
---|---|---|---|---|---|---|
r-devel-linux-x86_64-debian-clang | 0.16-1 | 212.85 | 77.38 | 290.23 | OK | |
r-devel-linux-x86_64-debian-gcc | 0.16-1 | 195.37 | 67.56 | 262.93 | OK | |
r-devel-linux-x86_64-fedora-clang | 0.16-1 | 363.74 | OK | |||
r-devel-linux-x86_64-fedora-gcc | 0.16-1 | 487.66 | OK | |||
r-prerel-macos-arm64 | 0.16-1 | 100.00 | NOTE | |||
r-prerel-windows-x86_64 | 0.16-1 | 154.00 | 103.00 | 257.00 | OK | |
r-patched-linux-x86_64 | 0.16-1 | 242.00 | 86.84 | 328.84 | OK | |
r-release-linux-x86_64 | 0.16-1 | 223.28 | 87.19 | 310.47 | OK | |
r-release-macos-arm64 | 0.16-1 | 115.00 | NOTE | |||
r-release-macos-x86_64 | 0.16-1 | 176.00 | NOTE | |||
r-release-windows-x86_64 | 0.16-1 | 191.00 | 127.00 | 318.00 | OK | |
r-oldrel-macos-arm64 | 0.16-1 | 114.00 | NOTE | |||
r-oldrel-windows-x86_64 | 0.16-1 | 184.00 | 117.00 | 301.00 | OK |
Version: 0.16-1
Check: installed package size
Result: NOTE
installed size is 46.5Mb
sub-directories of 1Mb or more:
libs 45.9Mb
Flavors: r-prerel-macos-arm64, r-release-macos-arm64, r-release-macos-x86_64, r-oldrel-macos-arm64