Last updated on 2025-05-07 01:50:12 CEST.
Flavor | Version | Tinstall | Tcheck | Ttotal | Status | Flags |
---|---|---|---|---|---|---|
r-devel-linux-x86_64-debian-clang | 0.16-2 | 144.01 | 62.78 | 206.79 | OK | |
r-devel-linux-x86_64-debian-gcc | 0.16-2 | 132.00 | 58.59 | 190.59 | OK | |
r-devel-linux-x86_64-fedora-clang | 0.16-2 | 330.94 | OK | |||
r-devel-linux-x86_64-fedora-gcc | 0.16-2 | 498.97 | OK | |||
r-devel-windows-x86_64 | 0.16-2 | 156.00 | 105.00 | 261.00 | OK | |
r-patched-linux-x86_64 | 0.16-2 | 160.13 | 73.01 | 233.14 | OK | |
r-release-linux-x86_64 | 0.16-2 | 163.31 | 71.54 | 234.85 | OK | |
r-release-macos-arm64 | 0.16-2 | 117.00 | OK | |||
r-release-macos-x86_64 | 0.16-2 | 146.00 | OK | |||
r-release-windows-x86_64 | 0.16-2 | 156.00 | 107.00 | 263.00 | OK | |
r-oldrel-macos-arm64 | 0.16-2 | 104.00 | NOTE | |||
r-oldrel-macos-x86_64 | 0.16-2 | 213.00 | NOTE | |||
r-oldrel-windows-x86_64 | 0.16-2 | 180.00 | 125.00 | 305.00 | OK |
Version: 0.16-2
Check: installed package size
Result: NOTE
installed size is 46.6Mb
sub-directories of 1Mb or more:
libs 46.0Mb
Flavors: r-oldrel-macos-arm64, r-oldrel-macos-x86_64