Last updated on 2025-05-24 01:51:33 CEST.
Flavor | Version | Tinstall | Tcheck | Ttotal | Status | Flags |
---|---|---|---|---|---|---|
r-devel-linux-x86_64-debian-clang | 0.2.1 | 4.01 | 40.71 | 44.72 | NOTE | |
r-devel-linux-x86_64-debian-gcc | 0.2.1 | 2.55 | 29.41 | 31.96 | NOTE | |
r-devel-linux-x86_64-fedora-clang | 0.2.1 | 71.32 | NOTE | |||
r-devel-linux-x86_64-fedora-gcc | 0.2.1 | 66.63 | NOTE | |||
r-devel-windows-x86_64 | 0.2.1 | 6.00 | 72.00 | 78.00 | OK | |
r-patched-linux-x86_64 | 0.2.1 | 4.54 | 39.05 | 43.59 | OK | |
r-release-linux-x86_64 | 0.2.1 | 3.44 | 38.71 | 42.15 | OK | |
r-release-macos-arm64 | 0.2.1 | 23.00 | OK | |||
r-release-macos-x86_64 | 0.2.1 | 39.00 | OK | |||
r-release-windows-x86_64 | 0.2.1 | 7.00 | 73.00 | 80.00 | OK | |
r-oldrel-macos-arm64 | 0.2.1 | 23.00 | OK | |||
r-oldrel-macos-x86_64 | 0.2.1 | 33.00 | OK | |||
r-oldrel-windows-x86_64 | 0.2.1 | 8.00 | 80.00 | 88.00 | OK |
Version: 0.2.1
Check: CRAN incoming feasibility
Result: NOTE
Maintainer: ‘Rohan Sadler <rohan.sadler@ausvet.com.au>’
No Authors@R field in DESCRIPTION.
Please add one, modifying
Authors@R: c(person(given = "Evan",
family = "Sergeant",
role = "aut"),
person(given = "Rohan",
family = "Sadler",
role = "cre",
email = "rohan.sadler@ausvet.com.au"))
as necessary.
Flavors: r-devel-linux-x86_64-debian-clang, r-devel-linux-x86_64-debian-gcc
Version: 0.2.1
Check: dependencies in R code
Result: NOTE
Namespace in Imports field not imported from: ‘mc2d’
All declared Imports should be used.
Flavors: r-devel-linux-x86_64-fedora-clang, r-devel-linux-x86_64-fedora-gcc