CRAN Package Check Results for Package RTD

Last updated on 2022-06-30 01:49:19 CEST.

Flavor Version Tinstall Tcheck Ttotal Status Flags
r-devel-linux-x86_64-debian-clang 0.4.1 7.21 58.85 66.06 NOTE
r-devel-linux-x86_64-debian-gcc 0.4.1 5.54 43.08 48.62 NOTE
r-devel-linux-x86_64-fedora-clang 0.4.1 86.43 NOTE
r-devel-linux-x86_64-fedora-gcc 0.4.1 105.86 NOTE
r-devel-windows-x86_64 0.4.1 19.00 84.00 103.00 NOTE
r-patched-linux-x86_64 0.4.1 5.36 53.99 59.35 NOTE
r-release-linux-x86_64 0.4.1 4.45 53.19 57.64 NOTE
r-release-macos-arm64 0.4.1 32.00 NOTE
r-release-macos-x86_64 0.4.1 55.00 NOTE
r-release-windows-x86_64 0.4.1 23.00 81.00 104.00 NOTE
r-oldrel-macos-arm64 0.4.1 39.00 NOTE
r-oldrel-macos-x86_64 0.4.1 50.00 NOTE
r-oldrel-windows-ix86+x86_64 0.4.1 18.00 75.00 93.00 NOTE

Check Details

Version: 0.4.1
Check: LazyData
Result: NOTE
     'LazyData' is specified without a 'data' directory
Flavors: r-devel-linux-x86_64-debian-clang, r-devel-linux-x86_64-debian-gcc, r-devel-linux-x86_64-fedora-clang, r-devel-linux-x86_64-fedora-gcc, r-devel-windows-x86_64, r-patched-linux-x86_64, r-release-linux-x86_64, r-release-macos-arm64, r-release-macos-x86_64, r-release-windows-x86_64, r-oldrel-macos-arm64, r-oldrel-macos-x86_64, r-oldrel-windows-ix86+x86_64