Last updated on 2024-03-28 01:54:09 CET.
Flavor | Version | Tinstall | Tcheck | Ttotal | Status | Flags |
---|---|---|---|---|---|---|
r-devel-linux-x86_64-debian-clang | 0.4.1 | 4.17 | 48.97 | 53.14 | NOTE | |
r-devel-linux-x86_64-debian-gcc | 0.4.1 | 5.14 | 37.83 | 42.97 | NOTE | |
r-devel-linux-x86_64-fedora-clang | 0.4.1 | 69.16 | NOTE | |||
r-devel-linux-x86_64-fedora-gcc | 0.4.1 | 84.13 | NOTE | |||
r-devel-windows-x86_64 | 0.4.1 | 7.00 | 60.00 | 67.00 | NOTE | |
r-patched-linux-x86_64 | 0.4.1 | 6.35 | 46.78 | 53.13 | NOTE | |
r-release-linux-x86_64 | 0.4.1 | 4.93 | 48.08 | 53.01 | NOTE | |
r-release-macos-arm64 | 0.4.1 | 36.00 | NOTE | |||
r-release-macos-x86_64 | 0.4.1 | 48.00 | NOTE | |||
r-release-windows-x86_64 | 0.4.1 | 8.00 | 66.00 | 74.00 | NOTE | |
r-oldrel-macos-arm64 | 0.4.1 | 32.00 | NOTE | |||
r-oldrel-windows-x86_64 | 0.4.1 | 13.00 | 68.00 | 81.00 | NOTE |
Version: 0.4.1
Check: LazyData
Result: NOTE
'LazyData' is specified without a 'data' directory
Flavors: r-devel-linux-x86_64-debian-clang, r-devel-linux-x86_64-debian-gcc, r-devel-linux-x86_64-fedora-clang, r-devel-linux-x86_64-fedora-gcc, r-devel-windows-x86_64, r-patched-linux-x86_64, r-release-linux-x86_64, r-release-macos-arm64, r-release-macos-x86_64, r-release-windows-x86_64, r-oldrel-macos-arm64, r-oldrel-windows-x86_64