CRAN Package Check Results for Package RTL

Last updated on 2022-05-24 01:50:03 CEST.

Flavor Version Tinstall Tcheck Ttotal Status Flags
r-devel-linux-x86_64-debian-clang 1.1.0 49.86 129.12 178.98 OK
r-devel-linux-x86_64-debian-gcc 1.1.0 43.65 95.86 139.51 OK
r-devel-linux-x86_64-fedora-clang 1.1.0 246.45 NOTE
r-devel-linux-x86_64-fedora-gcc 1.1.0 215.58 NOTE
r-devel-windows-x86_64 1.1.0 78.00 184.00 262.00 OK
r-patched-linux-x86_64 1.1.0 43.01 120.61 163.62 OK
r-release-linux-x86_64 1.1.0 OK
r-release-macos-arm64 1.1.0 74.00 NOTE
r-release-macos-x86_64 1.1.0 85.00 NOTE
r-release-windows-x86_64 1.0.0 46.00 154.00 200.00 OK
r-oldrel-macos-arm64 1.1.0 57.00 NOTE
r-oldrel-macos-x86_64 1.1.0 89.00 NOTE
r-oldrel-windows-ix86+x86_64 1.1.0 116.00 226.00 342.00 OK

Check Details

Version: 1.1.0
Check: package dependencies
Result: NOTE
    Imports includes 21 non-default packages.
    Importing from so many packages makes the package vulnerable to any of
    them becoming unavailable. Move as many as possible to Suggests and
    use conditionally.
Flavor: r-devel-linux-x86_64-fedora-clang

Version: 1.1.0
Check: data for non-ASCII characters
Result: NOTE
     Note: found 633 marked UTF-8 strings
Flavors: r-devel-linux-x86_64-fedora-clang, r-devel-linux-x86_64-fedora-gcc, r-release-macos-arm64, r-release-macos-x86_64, r-oldrel-macos-arm64, r-oldrel-macos-x86_64