CRAN Package Check Results for Package RaPKod

Last updated on 2020-02-24 03:46:45 CET.

Flavor Version Tinstall Tcheck Ttotal Status Flags
r-devel-linux-x86_64-debian-clang 0.9 29.75 42.09 71.84 NOTE
r-devel-linux-x86_64-debian-gcc 0.9 NOTE
r-devel-linux-x86_64-fedora-clang 0.9 93.61 NOTE
r-devel-linux-x86_64-fedora-gcc 0.9 92.74 NOTE
r-devel-windows-ix86+x86_64 0.9 62.00 76.00 138.00 OK
r-devel-windows-ix86+x86_64-gcc8 0.9 86.00 104.00 190.00 OK
r-patched-linux-x86_64 0.9 NOTE
r-patched-solaris-x86 0.9 109.30 OK
r-release-linux-x86_64 0.9 26.45 36.72 63.17 NOTE
r-release-windows-ix86+x86_64 0.9 61.00 74.00 135.00 OK
r-release-osx-x86_64 0.9 OK
r-oldrel-windows-ix86+x86_64 0.9 63.00 74.00 137.00 OK
r-oldrel-osx-x86_64 0.9 OK

Check Details

Version: 0.9
Check: use of SHLIB_OPENMP_*FLAGS in Makefiles
Result: NOTE
     src/Makevars: SHLIB_OPENMP_CXXFLAGS is included in PKG_CXXFLAGS but not in PKG_LIBS
     src/Makevars: SHLIB_OPENMP_CFLAGS is included in PKG_LIBS but linking is by C++
     src/Makevars.win: SHLIB_OPENMP_CXXFLAGS is included in PKG_CXXFLAGS but not in PKG_LIBS
     src/Makevars.win: SHLIB_OPENMP_CFLAGS is included in PKG_LIBS but linking is by C++
    Use of these macros is discussed in sect 1.2.1.1 of 'Writing R
    Extensions'. The macros for different languages may differ so the
    matching macro must be used in PKG_CXXFLAGS (etc) and match that used
    in PKG_LIBS (except for Fortran: see the manual).
Flavors: r-devel-linux-x86_64-debian-clang, r-devel-linux-x86_64-debian-gcc, r-devel-linux-x86_64-fedora-clang, r-devel-linux-x86_64-fedora-gcc, r-patched-linux-x86_64, r-release-linux-x86_64