Last updated on 2025-10-30 01:50:12 CET.
| Flavor | Version | Tinstall | Tcheck | Ttotal | Status | Flags |
|---|---|---|---|---|---|---|
| r-devel-linux-x86_64-debian-clang | 1.2.9 | 321.85 | 553.58 | 875.43 | OK | |
| r-devel-linux-x86_64-debian-gcc | 1.2.9 | 198.29 | 360.19 | 558.48 | OK | |
| r-devel-linux-x86_64-fedora-clang | 1.2.9 | 502.00 | 1013.84 | 1515.84 | OK | |
| r-devel-linux-x86_64-fedora-gcc | 1.2.9 | 411.00 | 1021.51 | 1432.51 | OK | |
| r-devel-windows-x86_64 | 1.2.9 | 378.00 | 617.00 | 995.00 | OK | |
| r-patched-linux-x86_64 | 1.2.9 | 316.58 | 539.38 | 855.96 | OK | |
| r-release-linux-x86_64 | 1.2.9 | 312.63 | 534.15 | 846.78 | OK | |
| r-release-macos-arm64 | 1.2.9 | 107.00 | 292.00 | 399.00 | OK | |
| r-release-macos-x86_64 | 1.2.9 | 91.00 | 575.00 | 666.00 | OK | |
| r-release-windows-x86_64 | 1.2.9 | 384.00 | 622.00 | 1006.00 | OK | |
| r-oldrel-macos-arm64 | 1.2.9 | 120.00 | 279.00 | 399.00 | NOTE | |
| r-oldrel-macos-x86_64 | 1.2.9 | 92.00 | 435.00 | 527.00 | NOTE | |
| r-oldrel-windows-x86_64 | 1.2.9 | 440.00 | 778.00 | 1218.00 | NOTE |
Version: 1.2.9
Check: installed package size
Result: NOTE
installed size is 25.1Mb
sub-directories of 1Mb or more:
doc 5.3Mb
htmlwidgets 1.8Mb
libs 16.0Mb
Flavors: r-oldrel-macos-arm64, r-oldrel-macos-x86_64, r-oldrel-windows-x86_64