CRAN Package Check Results for Package Raquifer

Last updated on 2023-06-06 01:54:11 CEST.

Flavor Version Tinstall Tcheck Ttotal Status Flags
r-devel-linux-x86_64-debian-clang 0.1.0 6.72 62.73 69.45 NOTE
r-devel-linux-x86_64-debian-gcc 0.1.0 5.57 47.30 52.87 NOTE
r-devel-linux-x86_64-fedora-clang 0.1.0 87.88 NOTE
r-devel-linux-x86_64-fedora-gcc 0.1.0 91.94 NOTE
r-devel-windows-x86_64 0.1.0 7.00 66.00 73.00 NOTE
r-patched-linux-x86_64 0.1.0 4.93 59.37 64.30 NOTE
r-release-linux-x86_64 0.1.0 7.10 58.93 66.03 NOTE
r-release-macos-arm64 0.1.0 37.00 NOTE
r-release-macos-x86_64 0.1.0 52.00 NOTE
r-release-windows-x86_64 0.1.0 9.00 76.00 85.00 NOTE
r-oldrel-macos-arm64 0.1.0 34.00 NOTE
r-oldrel-macos-x86_64 0.1.0 56.00 NOTE
r-oldrel-windows-x86_64 0.1.0 9.00 78.00 87.00 NOTE

Check Details

Version: 0.1.0
Check: LazyData
Result: NOTE
     'LazyData' is specified without a 'data' directory
Flavors: r-devel-linux-x86_64-debian-clang, r-devel-linux-x86_64-debian-gcc, r-devel-linux-x86_64-fedora-clang, r-devel-linux-x86_64-fedora-gcc, r-devel-windows-x86_64, r-patched-linux-x86_64, r-release-linux-x86_64, r-release-macos-arm64, r-release-macos-x86_64, r-release-windows-x86_64, r-oldrel-macos-arm64, r-oldrel-macos-x86_64, r-oldrel-windows-x86_64