Last updated on 2024-04-24 01:52:22 CEST.
Flavor | Version | Tinstall | Tcheck | Ttotal | Status | Flags |
---|---|---|---|---|---|---|
r-devel-linux-x86_64-debian-clang | 1.1.3 | 393.52 | 172.20 | 565.72 | NOTE | |
r-devel-linux-x86_64-debian-gcc | 1.1.3 | 315.16 | 142.16 | 457.32 | NOTE | |
r-devel-linux-x86_64-fedora-clang | 1.1.3 | 820.70 | NOTE | |||
r-devel-linux-x86_64-fedora-gcc | 1.1.3 | 849.24 | NOTE | |||
r-prerel-macos-arm64 | 1.1.3 | 179.00 | NOTE | |||
r-prerel-windows-x86_64 | 1.1.3 | 303.00 | 223.00 | 526.00 | NOTE | |
r-patched-linux-x86_64 | 1.1.3 | 277.61 | 185.57 | 463.18 | NOTE | |
r-release-linux-x86_64 | 1.1.3 | 278.53 | 179.21 | 457.74 | OK | |
r-release-macos-arm64 | 1.1.3 | 218.00 | NOTE | |||
r-release-macos-x86_64 | 1.1.3 | 349.00 | NOTE | |||
r-release-windows-x86_64 | 1.1.3 | 375.00 | 228.00 | 603.00 | NOTE | |
r-oldrel-macos-arm64 | 1.1.3 | 213.00 | NOTE | |||
r-oldrel-windows-x86_64 | 1.1.3 | 344.00 | 233.00 | 577.00 | NOTE |
Version: 1.1.3
Check: Rd files
Result: NOTE
checkRd: (-1) rbm.haplos.power.Rd:35: Lost braces; missing escapes or markup?
35 | \item{simus.haplos}{ Which method to simulate the data, if \code{simus.haplos="freqs"}, {rbm.haplos.freqs()} is used, otherwise \code{rbm.haplos.thresholds()} is used.}
| ^
Flavors: r-devel-linux-x86_64-debian-clang, r-devel-linux-x86_64-debian-gcc, r-devel-linux-x86_64-fedora-clang, r-devel-linux-x86_64-fedora-gcc, r-prerel-macos-arm64, r-prerel-windows-x86_64, r-patched-linux-x86_64
Version: 1.1.3
Check: installed package size
Result: NOTE
installed size is 5.6Mb
sub-directories of 1Mb or more:
data 3.9Mb
Flavors: r-devel-linux-x86_64-fedora-clang, r-prerel-macos-arm64, r-prerel-windows-x86_64, r-release-macos-arm64, r-release-macos-x86_64, r-release-windows-x86_64, r-oldrel-macos-arm64, r-oldrel-windows-x86_64