Last updated on 2023-06-03 01:51:27 CEST.
Flavor | Version | Tinstall | Tcheck | Ttotal | Status | Flags |
---|---|---|---|---|---|---|
r-devel-linux-x86_64-debian-clang | 1.1.3 | 344.49 | 180.64 | 525.13 | OK | |
r-devel-linux-x86_64-debian-gcc | 1.1.3 | 289.63 | 138.04 | 427.67 | OK | |
r-devel-linux-x86_64-fedora-clang | 1.1.3 | 815.99 | NOTE | |||
r-devel-linux-x86_64-fedora-gcc | 1.1.3 | 858.45 | OK | |||
r-devel-windows-x86_64 | 1.1.3 | 289.00 | 192.00 | 481.00 | NOTE | |
r-patched-linux-x86_64 | 1.1.3 | OK | ||||
r-release-linux-x86_64 | 1.1.3 | 249.48 | 176.61 | 426.09 | OK | |
r-release-macos-arm64 | 1.1.3 | 218.00 | NOTE | |||
r-release-macos-x86_64 | 1.1.3 | 349.00 | NOTE | |||
r-release-windows-x86_64 | 1.1.3 | 373.00 | 232.00 | 605.00 | NOTE | |
r-oldrel-macos-arm64 | 1.1.3 | 213.00 | NOTE | |||
r-oldrel-macos-x86_64 | 1.1.3 | 242.00 | NOTE | |||
r-oldrel-windows-x86_64 | 1.1.3 | 336.00 | 227.00 | 563.00 | NOTE |
Version: 1.1.3
Check: installed package size
Result: NOTE
installed size is 5.6Mb
sub-directories of 1Mb or more:
data 3.9Mb
Flavors: r-devel-linux-x86_64-fedora-clang, r-devel-windows-x86_64, r-release-macos-arm64, r-release-macos-x86_64, r-release-windows-x86_64, r-oldrel-macos-arm64, r-oldrel-macos-x86_64, r-oldrel-windows-x86_64