Last updated on 2024-04-20 01:50:09 CEST.
Flavor | Version | Tinstall | Tcheck | Ttotal | Status | Flags |
---|---|---|---|---|---|---|
r-devel-linux-x86_64-debian-clang | 0.2.1 | 30.54 | 40.24 | 70.78 | OK | |
r-devel-linux-x86_64-debian-gcc | 0.2.1 | OK | ||||
r-devel-linux-x86_64-fedora-clang | 0.2.1 | 93.10 | NOTE | |||
r-devel-linux-x86_64-fedora-gcc | 0.2.1 | 101.33 | NOTE | |||
r-prerel-macos-arm64 | 0.2.1 | 34.00 | OK | |||
r-prerel-windows-x86_64 | 0.2.1 | 31.00 | 84.00 | 115.00 | OK | |
r-patched-linux-x86_64 | 0.2.1 | 25.37 | 37.86 | 63.23 | OK | |
r-release-linux-x86_64 | 0.2.1 | 27.10 | 36.04 | 63.14 | OK | |
r-release-macos-arm64 | 0.2.1 | 35.00 | OK | |||
r-release-macos-x86_64 | 0.2.1 | 59.00 | OK | |||
r-release-windows-x86_64 | 0.2.1 | 36.00 | 90.00 | 126.00 | OK | |
r-oldrel-macos-arm64 | 0.2.1 | 29.00 | OK | |||
r-oldrel-windows-x86_64 | 0.2.1 | 35.00 | 87.00 | 122.00 | OK |
Version: 0.2.1
Check: dependencies in R code
Result: NOTE
Namespace in Imports field not imported from: ‘stats’
All declared Imports should be used.
Flavors: r-devel-linux-x86_64-fedora-clang, r-devel-linux-x86_64-fedora-gcc