CRAN Package Check Results for Package RclusTool

Last updated on 2020-03-31 07:48:37 CEST.

Flavor Version Tinstall Tcheck Ttotal Status Flags
r-devel-linux-x86_64-debian-clang 0.91.3 23.57 114.55 138.12 OK
r-devel-linux-x86_64-debian-gcc 0.91.3 19.02 89.70 108.72 OK
r-devel-linux-x86_64-fedora-clang 0.91.3 165.97 OK
r-devel-linux-x86_64-fedora-gcc 0.91.3 162.85 OK
r-devel-windows-ix86+x86_64 0.91.3 40.00 122.00 162.00 OK
r-devel-windows-ix86+x86_64-gcc8 0.91.3 38.00 128.00 166.00 OK
r-patched-linux-x86_64 0.91.3 22.25 111.56 133.81 OK
r-patched-solaris-x86 0.91.3 266.50 OK
r-release-linux-x86_64 0.91.3 22.15 104.43 126.58 OK
r-release-windows-ix86+x86_64 0.91.3 59.00 184.00 243.00 OK
r-release-osx-x86_64 0.91.3 FAIL
r-oldrel-windows-ix86+x86_64 0.91.3 56.00 161.00 217.00 OK
r-oldrel-osx-x86_64 0.91.3 FAIL

Check Details

Version: 0.91.3
Check: whether package can be installed
Result: FAIL
Flavors: r-release-osx-x86_64, r-oldrel-osx-x86_64