Last updated on 2024-03-28 01:54:08 CET.
Flavor | Version | Tinstall | Tcheck | Ttotal | Status | Flags |
---|---|---|---|---|---|---|
r-devel-linux-x86_64-debian-clang | 2.9-1 | 7.86 | 81.04 | 88.90 | NOTE | |
r-devel-linux-x86_64-debian-gcc | 2.9-1 | 6.63 | 59.66 | 66.29 | NOTE | |
r-devel-linux-x86_64-fedora-clang | 2.9-1 | 115.50 | NOTE | |||
r-devel-linux-x86_64-fedora-gcc | 2.9-1 | 107.50 | NOTE | |||
r-devel-windows-x86_64 | 2.9-1 | 12.00 | 83.00 | 95.00 | NOTE | |
r-patched-linux-x86_64 | 2.9-1 | 17.16 | 77.85 | 95.01 | OK | |
r-release-linux-x86_64 | 2.9-1 | 10.29 | 75.88 | 86.17 | OK | |
r-release-macos-arm64 | 2.9-1 | 34.00 | OK | |||
r-release-macos-x86_64 | 2.9-1 | 77.00 | OK | |||
r-release-windows-x86_64 | 2.9-1 | 14.00 | 93.00 | 107.00 | OK | |
r-oldrel-macos-arm64 | 2.9-1 | 37.00 | OK | |||
r-oldrel-windows-x86_64 | 2.9-1 | 15.00 | 108.00 | 123.00 | OK |
Version: 2.9-1
Check: Rd files
Result: NOTE
checkRd: (-1) indexplot.Rd:28: Lost braces
28 | \item{legend}{keyword (see \code{link}[grapics]{legend}) giving location of the legend if \code{groups} are specified;
| ^
Flavors: r-devel-linux-x86_64-debian-clang, r-devel-linux-x86_64-debian-gcc, r-devel-linux-x86_64-fedora-clang, r-devel-linux-x86_64-fedora-gcc, r-devel-windows-x86_64