CRAN Package Check Results for Package RcmdrPlugin.MA

Last updated on 2022-12-10 01:51:26 CET.

Flavor Version Tinstall Tcheck Ttotal Status Flags
r-devel-linux-x86_64-debian-clang 0.0-2 25.06 163.37 188.43 NOTE
r-devel-linux-x86_64-debian-gcc 0.0-2 18.49 120.66 139.15 NOTE
r-devel-linux-x86_64-fedora-clang 0.0-2 249.14 NOTE
r-devel-linux-x86_64-fedora-gcc 0.0-2 240.33 NOTE
r-devel-windows-x86_64 0.0-2 56.00 221.00 277.00 NOTE
r-patched-linux-x86_64 0.0-2 26.91 161.55 188.46 OK
r-release-linux-x86_64 0.0-2 26.64 166.18 192.82 OK
r-release-macos-arm64 0.0-2 84.00 OK
r-release-macos-x86_64 0.0-2 193.00 OK
r-release-windows-x86_64 0.0-2 81.00 191.00 272.00 OK
r-oldrel-macos-arm64 0.0-2 86.00 OK
r-oldrel-macos-x86_64 0.0-2 151.00 OK
r-oldrel-windows-ix86+x86_64 0.0-2 44.00 183.00 227.00 OK

Check Details

Version: 0.0-2
Check: Rd files
Result: NOTE
    checkRd: (-1) RcmdrPlugin.MA-package.Rd:21: Escaped LaTeX specials: \&
    checkRd: (-1) RcmdrPlugin.MA-package.Rd:23: Escaped LaTeX specials: \&
Flavors: r-devel-linux-x86_64-debian-clang, r-devel-linux-x86_64-debian-gcc, r-devel-linux-x86_64-fedora-clang, r-devel-linux-x86_64-fedora-gcc, r-devel-windows-x86_64