Last updated on 2025-05-06 02:50:29 CEST.
Flavor | Version | Tinstall | Tcheck | Ttotal | Status | Flags |
---|---|---|---|---|---|---|
r-devel-linux-x86_64-debian-clang | 0.3-0 | 19.65 | 138.24 | 157.89 | NOTE | |
r-devel-linux-x86_64-debian-gcc | 0.3-0 | 15.38 | 105.29 | 120.67 | NOTE | |
r-devel-linux-x86_64-fedora-clang | 0.3-0 | 270.51 | OK | |||
r-devel-linux-x86_64-fedora-gcc | 0.3-0 | 258.18 | OK | |||
r-devel-windows-x86_64 | 0.3-0 | 28.00 | 249.00 | 277.00 | OK | |
r-patched-linux-x86_64 | 0.3-0 | 19.44 | 132.17 | 151.61 | OK | |
r-release-linux-x86_64 | 0.3-0 | 19.38 | 131.61 | 150.99 | OK | |
r-release-macos-arm64 | 0.3-0 | 91.00 | OK | |||
r-release-macos-x86_64 | 0.3-0 | 142.00 | OK | |||
r-release-windows-x86_64 | 0.3-0 | 27.00 | 209.00 | 236.00 | OK | |
r-oldrel-macos-arm64 | 0.3-0 | 90.00 | OK | |||
r-oldrel-macos-x86_64 | 0.3-0 | 113.00 | OK | |||
r-oldrel-windows-x86_64 | 0.3-0 | 22.00 | 160.00 | 182.00 | OK |
Version: 0.3-0
Check: CRAN incoming feasibility
Result: NOTE
Maintainer: ‘Liviu Andronic <landronimirc@gmail.com>’
No Authors@R field in DESCRIPTION.
Please add one, modifying
Authors@R: person(given = "Liviu",
family = "Andronic",
role = c("aut", "cre"),
email = "landronimirc@gmail.com")
as necessary.
Flavors: r-devel-linux-x86_64-debian-clang, r-devel-linux-x86_64-debian-gcc