Last updated on 2025-11-19 01:48:59 CET.
| Flavor | Version | Tinstall | Tcheck | Ttotal | Status | Flags |
|---|---|---|---|---|---|---|
| r-devel-linux-x86_64-debian-clang | 1.3-2 | 20.85 | 150.95 | 171.80 | NOTE | |
| r-devel-linux-x86_64-debian-gcc | 1.3-2 | 16.29 | 116.92 | 133.21 | NOTE | |
| r-devel-linux-x86_64-fedora-clang | 1.3-2 | 45.00 | 225.50 | 270.50 | OK | |
| r-devel-linux-x86_64-fedora-gcc | 1.3-2 | 51.00 | 207.27 | 258.27 | OK | |
| r-devel-windows-x86_64 | 1.3-2 | 55.00 | 208.00 | 263.00 | OK | |
| r-patched-linux-x86_64 | 1.3-2 | 22.72 | 149.92 | 172.64 | OK | |
| r-release-linux-x86_64 | 1.3-2 | 22.48 | 149.33 | 171.81 | OK | |
| r-release-macos-arm64 | 1.3-2 | 12.00 | 76.00 | 88.00 | OK | |
| r-release-macos-x86_64 | 1.3-2 | 19.00 | 126.00 | 145.00 | OK | |
| r-release-windows-x86_64 | 1.3-2 | 34.00 | 220.00 | 254.00 | OK | |
| r-oldrel-macos-arm64 | 1.3-2 | 12.00 | 75.00 | 87.00 | OK | |
| r-oldrel-macos-x86_64 | 1.3-2 | 16.00 | 99.00 | 115.00 | OK | |
| r-oldrel-windows-x86_64 | 1.3-2 | 29.00 | 172.00 | 201.00 | OK |
Version: 1.3-2
Check: CRAN incoming feasibility
Result: NOTE
Maintainer: ‘John Fox <jfox@mcmaster.ca>’
No Authors@R field in DESCRIPTION.
Please add one, modifying
Authors@R: person(given = "John",
family = "Fox",
role = c("aut", "cre"),
email = "jfox@mcmaster.ca")
as necessary.
Flavors: r-devel-linux-x86_64-debian-clang, r-devel-linux-x86_64-debian-gcc