Last updated on 2022-05-16 02:51:11 CEST.
Flavor | Version | Tinstall | Tcheck | Ttotal | Status | Flags |
---|---|---|---|---|---|---|
r-devel-linux-x86_64-debian-clang | 0.0.8 | 49.34 | 49.07 | 98.41 | OK | |
r-devel-linux-x86_64-debian-gcc | 0.0.8 | 39.03 | 37.74 | 76.77 | OK | |
r-devel-windows-x86_64 | 0.0.8 | 56.00 | 76.00 | 132.00 | OK | |
r-patched-linux-x86_64 | 0.0.8 | 35.62 | 48.98 | 84.60 | OK | |
r-release-linux-x86_64 | 0.0.8 | 44.09 | 48.11 | 92.20 | OK | |
r-release-macos-arm64 | 0.0.8 | 31.00 | OK | |||
r-release-macos-x86_64 | 0.0.8 | 44.00 | OK | |||
r-release-windows-x86_64 | 0.0.8 | 50.00 | 80.00 | 130.00 | OK | |
r-oldrel-macos-arm64 | 0.0.8 | 28.00 | OK | |||
r-oldrel-macos-x86_64 | 0.0.8 | 42.00 | NOTE | |||
r-oldrel-windows-ix86+x86_64 | 0.0.8 | 118.00 | 79.00 | 197.00 | OK |
Version: 0.0.8
Check: re-building of vignette outputs
Result: NOTE
Error(s) in re-building vignettes:
...
--- re-building ‘binnmuAfterR340.md’ using mdweave_to_html
Cannot find pandoc. Not able to weave vignette.
Error: processing vignette 'binnmuAfterR340.md' failed with diagnostics:
Failed to locate ‘weave’ output file ‘binnmuAfterR340.pdf’ or ‘binnmuAfterR340.html’ for vignette with name ‘binnmuAfterR340’ and engine ‘simplermarkdown::mdweave_to_html’. The following files exist in working directory ‘/Volumes/Builds/packages/high-sierra-x86_64/results/4.1/RcppAPT.Rcheck/vign_test/RcppAPT/vignettes’: ‘binnmuAfterR340.md’ (27828 bytes), ‘water.css’ (1193 bytes)
--- failed re-building ‘binnmuAfterR340.md’
SUMMARY: processing the following file failed:
‘binnmuAfterR340.md’
Error: Vignette re-building failed.
Execution halted
Flavor: r-oldrel-macos-x86_64