Last updated on 2024-04-24 01:52:22 CEST.
Flavor | Version | Tinstall | Tcheck | Ttotal | Status | Flags |
---|---|---|---|---|---|---|
r-devel-linux-x86_64-debian-clang | 2.8.3 | 314.04 | 210.31 | 524.35 | NOTE | |
r-devel-linux-x86_64-debian-gcc | 2.8.3 | 235.93 | 161.51 | 397.44 | NOTE | |
r-devel-linux-x86_64-fedora-clang | 2.8.3 | 838.89 | NOTE | |||
r-devel-linux-x86_64-fedora-gcc | 2.8.3 | 741.49 | NOTE | |||
r-prerel-macos-arm64 | 2.8.3 | 159.00 | NOTE | |||
r-prerel-windows-x86_64 | 2.8.3 | 254.00 | 245.00 | 499.00 | OK | |
r-patched-linux-x86_64 | 2.8.3 | 301.36 | 202.15 | 503.51 | OK | |
r-release-linux-x86_64 | 2.8.3 | 301.03 | 205.04 | 506.07 | OK | |
r-release-macos-arm64 | 2.8.3 | 193.00 | NOTE | |||
r-release-macos-x86_64 | 2.8.3 | 336.00 | NOTE | |||
r-release-windows-x86_64 | 2.8.3 | 248.00 | 266.00 | 514.00 | OK | |
r-oldrel-macos-arm64 | 2.8.3 | 176.00 | NOTE | |||
r-oldrel-windows-x86_64 | 2.8.3 | 277.00 | 256.00 | 533.00 | OK |
Version: 2.8.3
Check: compiled code
Result: NOTE
File ‘RcppAlgos/libs/RcppAlgos.so’:
Found non-API calls to R: ‘SETLENGTH’, ‘SET_TRUELENGTH’
Compiled code should not call non-API entry points in R.
See ‘Writing portable packages’ in the ‘Writing R Extensions’ manual.
Flavors: r-devel-linux-x86_64-debian-clang, r-devel-linux-x86_64-debian-gcc, r-devel-linux-x86_64-fedora-clang, r-devel-linux-x86_64-fedora-gcc
Version: 2.8.3
Check: installed package size
Result: NOTE
installed size is 20.1Mb
sub-directories of 1Mb or more:
doc 1.1Mb
libs 17.8Mb
Flavors: r-prerel-macos-arm64, r-release-macos-arm64, r-release-macos-x86_64, r-oldrel-macos-arm64