Last updated on 2024-04-24 01:52:22 CEST.
Flavor | Version | Tinstall | Tcheck | Ttotal | Status | Flags |
---|---|---|---|---|---|---|
r-devel-linux-x86_64-debian-clang | 0.0.22 | 52.80 | 100.68 | 153.48 | OK | |
r-devel-linux-x86_64-debian-gcc | 0.0.22 | 42.70 | 69.82 | 112.52 | OK | |
r-devel-linux-x86_64-fedora-clang | 0.0.22 | 207.64 | OK | |||
r-devel-linux-x86_64-fedora-gcc | 0.0.22 | 222.64 | OK | |||
r-prerel-macos-arm64 | 0.0.22 | 54.00 | NOTE | |||
r-prerel-macos-x86_64 | 0.0.22 | 177.00 | NOTE | |||
r-prerel-windows-x86_64 | 0.0.22 | 57.00 | 131.00 | 188.00 | OK | |
r-patched-linux-x86_64 | 0.0.22 | 60.85 | 95.73 | 156.58 | OK | |
r-release-linux-x86_64 | 0.0.22 | 53.86 | 97.39 | 151.25 | OK | |
r-release-macos-arm64 | 0.0.22 | 69.00 | NOTE | |||
r-release-macos-x86_64 | 0.0.22 | 189.00 | NOTE | |||
r-release-windows-x86_64 | 0.0.22 | 56.00 | 193.00 | 249.00 | OK | |
r-oldrel-macos-arm64 | 0.0.22 | 60.00 | NOTE | |||
r-oldrel-windows-x86_64 | 0.0.22 | 65.00 | 142.00 | 207.00 | OK |
Version: 0.0.22
Check: installed package size
Result: NOTE
installed size is 6.5Mb
sub-directories of 1Mb or more:
libs 6.2Mb
Flavors: r-prerel-macos-arm64, r-prerel-macos-x86_64, r-release-macos-arm64, r-release-macos-x86_64, r-oldrel-macos-arm64