Last updated on 2024-08-16 01:48:27 CEST.
Flavor | Version | Tinstall | Tcheck | Ttotal | Status | Flags |
---|---|---|---|---|---|---|
r-devel-linux-x86_64-debian-clang | 1.0.1 | 66.12 | 164.27 | 230.39 | OK | |
r-devel-linux-x86_64-debian-gcc | 1.0.1 | 52.97 | 95.11 | 148.08 | OK | |
r-devel-linux-x86_64-fedora-clang | 1.0.1 | 423.61 | NOTE | |||
r-devel-linux-x86_64-fedora-gcc | 1.0.1 | 390.65 | OK | |||
r-devel-windows-x86_64 | 1.0.1 | 113.00 | 225.00 | 338.00 | NOTE | |
r-patched-linux-x86_64 | 1.0.1 | 71.80 | 125.67 | 197.47 | OK | |
r-release-linux-x86_64 | 1.0.1 | 72.88 | 128.63 | 201.51 | OK | |
r-release-macos-arm64 | 1.0.1 | 79.00 | NOTE | |||
r-release-macos-x86_64 | 1.0.1 | 123.00 | NOTE | |||
r-release-windows-x86_64 | 1.0.1 | 115.00 | 205.00 | 320.00 | NOTE | |
r-oldrel-macos-arm64 | 1.0.1 | 78.00 | NOTE | |||
r-oldrel-macos-x86_64 | 1.0.1 | 214.00 | NOTE | |||
r-oldrel-windows-x86_64 | 1.0.1 | 91.00 | 211.00 | 302.00 | NOTE |
Version: 1.0.1
Check: installed package size
Result: NOTE
installed size is 38.8Mb
sub-directories of 1Mb or more:
include 38.0Mb
Flavors: r-devel-linux-x86_64-fedora-clang, r-devel-windows-x86_64, r-release-macos-arm64, r-release-macos-x86_64, r-release-windows-x86_64, r-oldrel-macos-arm64, r-oldrel-macos-x86_64, r-oldrel-windows-x86_64