Last updated on 2023-03-22 01:50:10 CET.
Flavor | Version | Tinstall | Tcheck | Ttotal | Status | Flags |
---|---|---|---|---|---|---|
r-devel-linux-x86_64-debian-clang | 5.1.7 | 51.26 | 81.12 | 132.38 | NOTE | |
r-devel-linux-x86_64-debian-gcc | 5.1.7 | 37.20 | 59.19 | 96.39 | NOTE | |
r-devel-linux-x86_64-fedora-clang | 5.1.7 | 222.83 | NOTE | |||
r-devel-linux-x86_64-fedora-gcc | 5.1.7 | 170.86 | NOTE | |||
r-devel-windows-x86_64 | 5.1.7 | 623.00 | 141.00 | 764.00 | NOTE | |
r-patched-linux-x86_64 | 5.1.7 | 43.32 | 69.96 | 113.28 | NOTE | |
r-release-linux-x86_64 | 5.1.7 | 42.42 | 68.18 | 110.60 | NOTE | |
r-release-macos-arm64 | 5.1.7 | 54.00 | NOTE | |||
r-release-macos-x86_64 | 5.1.7 | 112.00 | NOTE | |||
r-release-windows-x86_64 | 5.1.7 | 581.00 | 136.00 | 717.00 | NOTE | |
r-oldrel-macos-arm64 | 5.1.7 | 54.00 | NOTE | |||
r-oldrel-macos-x86_64 | 5.1.7 | 110.00 | NOTE | |||
r-oldrel-windows-ix86+x86_64 | 5.1.7 | 304.00 | 180.00 | 484.00 | NOTE |
Version: 5.1.7
Check: for GNU extensions in Makefiles
Result: NOTE
GNU make is a SystemRequirements.
Flavors: r-devel-linux-x86_64-debian-clang, r-devel-linux-x86_64-debian-gcc, r-devel-linux-x86_64-fedora-clang, r-devel-linux-x86_64-fedora-gcc, r-devel-windows-x86_64, r-patched-linux-x86_64, r-release-linux-x86_64, r-release-macos-arm64, r-release-macos-x86_64, r-release-windows-x86_64, r-oldrel-macos-arm64, r-oldrel-macos-x86_64, r-oldrel-windows-ix86+x86_64
Version: 5.1.7
Check: installed package size
Result: NOTE
installed size is 7.0Mb
sub-directories of 1Mb or more:
include 2.0Mb
lib 4.6Mb
Flavor: r-oldrel-windows-ix86+x86_64