Last updated on 2022-06-26 01:48:58 CEST.
Flavor | Version | Tinstall | Tcheck | Ttotal | Status | Flags |
---|---|---|---|---|---|---|
r-devel-linux-x86_64-debian-clang | 1.3.0 | 11.50 | 143.37 | 154.87 | OK | |
r-devel-linux-x86_64-debian-gcc | 1.3.0 | 8.72 | 105.46 | 114.18 | OK | |
r-devel-linux-x86_64-fedora-clang | 1.3.0 | 186.61 | NOTE | |||
r-devel-linux-x86_64-fedora-gcc | 1.3.0 | 189.64 | NOTE | |||
r-devel-windows-x86_64 | 1.3.0 | 53.00 | 199.00 | 252.00 | OK | |
r-patched-linux-x86_64 | 1.3.0 | 11.97 | 136.44 | 148.41 | OK | |
r-release-linux-x86_64 | 1.3.0 | 13.21 | 135.23 | 148.44 | OK | |
r-release-macos-arm64 | 1.3.0 | 46.00 | OK | |||
r-release-macos-x86_64 | 1.3.0 | 73.00 | OK | |||
r-release-windows-x86_64 | 1.3.0 | 92.00 | 200.00 | 292.00 | OK | |
r-oldrel-macos-arm64 | 1.3.0 | 68.00 | OK | |||
r-oldrel-macos-x86_64 | 1.3.0 | 85.00 | OK | |||
r-oldrel-windows-ix86+x86_64 | 1.3.0 | 23.00 | 189.00 | 212.00 | OK |
Version: 1.3.0
Check: package dependencies
Result: NOTE
Suggests orphaned package: ‘bibtex’
Flavors: r-devel-linux-x86_64-fedora-clang, r-devel-linux-x86_64-fedora-gcc