CRAN Package Check Results for Package Repliscope

Last updated on 2025-05-09 01:50:16 CEST.

Flavor Version Tinstall Tcheck Ttotal Status Flags
r-devel-linux-x86_64-debian-clang 1.1.1 8.15 77.78 85.93 NOTE
r-devel-linux-x86_64-debian-gcc 1.1.1 4.93 53.93 58.86 NOTE
r-devel-linux-x86_64-fedora-clang 1.1.1 122.48 OK
r-devel-linux-x86_64-fedora-gcc 1.1.1 140.01 OK
r-devel-windows-x86_64 1.1.1 11.00 89.00 100.00 OK
r-patched-linux-x86_64 1.1.1 8.86 72.05 80.91 OK
r-release-linux-x86_64 1.1.1 8.26 71.34 79.60 OK
r-release-macos-arm64 1.1.1 43.00 OK
r-release-macos-x86_64 1.1.1 79.00 OK
r-release-windows-x86_64 1.1.1 12.00 90.00 102.00 OK
r-oldrel-macos-arm64 1.1.1 45.00 OK
r-oldrel-macos-x86_64 1.1.1 64.00 OK
r-oldrel-windows-x86_64 1.1.1 14.00 110.00 124.00 OK

Check Details

Version: 1.1.1
Check: CRAN incoming feasibility
Result: NOTE Maintainer: ‘Dzmitry G Batrakou <d.batrakou@gmail.com>’ No Authors@R field in DESCRIPTION. Please add one, modifying Authors@R: person(given = c("Dzmitry", "G"), family = "Batrakou", role = c("aut", "cre"), email = "d.batrakou@gmail.com") as necessary. Flavors: r-devel-linux-x86_64-debian-clang, r-devel-linux-x86_64-debian-gcc