Last updated on 2025-04-30 02:50:49 CEST.
Flavor | Version | Tinstall | Tcheck | Ttotal | Status | Flags |
---|---|---|---|---|---|---|
r-devel-linux-x86_64-debian-clang | 2.0.0 | 17.74 | 169.27 | 187.01 | NOTE | |
r-devel-linux-x86_64-debian-gcc | 2.0.0 | 13.22 | 110.31 | 123.53 | OK | |
r-devel-linux-x86_64-fedora-clang | 2.0.0 | 282.79 | OK | |||
r-devel-linux-x86_64-fedora-gcc | 2.0.0 | 278.33 | OK | |||
r-devel-windows-x86_64 | 2.0.0 | 19.00 | 170.00 | 189.00 | OK | |
r-patched-linux-x86_64 | 2.0.0 | 16.79 | 158.12 | 174.91 | OK | |
r-release-linux-x86_64 | 2.0.0 | 16.77 | 157.62 | 174.39 | OK | |
r-release-macos-arm64 | 2.0.0 | 83.00 | OK | |||
r-release-macos-x86_64 | 2.0.0 | 178.00 | OK | |||
r-release-windows-x86_64 | 2.0.0 | 18.00 | 167.00 | 185.00 | OK | |
r-oldrel-macos-arm64 | 2.0.0 | 78.00 | OK | |||
r-oldrel-macos-x86_64 | 2.0.0 | 129.00 | OK | |||
r-oldrel-windows-x86_64 | 2.0.0 | 24.00 | 224.00 | 248.00 | OK |
Version: 2.0.0
Check: examples
Result: NOTE
Examples with CPU (user + system) or elapsed time > 5s
user system elapsed
Bootstrap_example 6.316 0.181 8.415
Flavor: r-devel-linux-x86_64-debian-clang