Last updated on 2023-09-22 01:51:01 CEST.
Flavor | Version | Tinstall | Tcheck | Ttotal | Status | Flags |
---|---|---|---|---|---|---|
r-devel-linux-x86_64-debian-clang | 2.0.8 | 1453.98 | 131.50 | 1585.48 | OK | |
r-devel-linux-x86_64-debian-gcc | 2.0.8 | 969.70 | 95.95 | 1065.65 | OK | |
r-devel-linux-x86_64-fedora-clang | 2.0.8 | 2308.90 | NOTE | |||
r-devel-linux-x86_64-fedora-gcc | 2.0.8 | 2443.72 | OK | |||
r-devel-windows-x86_64 | 2.0.8 | 1010.00 | 193.00 | 1203.00 | NOTE | |
r-patched-linux-x86_64 | 2.0.8 | 1349.97 | 126.95 | 1476.92 | OK | |
r-release-linux-x86_64 | 2.0.8 | 1334.97 | 127.45 | 1462.42 | OK | |
r-release-macos-arm64 | 2.0.8 | 335.00 | NOTE | |||
r-release-macos-x86_64 | 2.0.8 | 315.00 | NOTE | |||
r-release-windows-x86_64 | 2.0.8 | 1308.00 | 230.00 | 1538.00 | NOTE | |
r-oldrel-macos-arm64 | 2.0.8 | 318.00 | NOTE | |||
r-oldrel-macos-x86_64 | 2.0.8 | 519.00 | NOTE | |||
r-oldrel-windows-x86_64 | 2.0.8 | 1286.00 | 227.00 | 1513.00 | NOTE |
Version: 2.0.8
Check: installed package size
Result: NOTE
installed size is 5.2Mb
sub-directories of 1Mb or more:
libs 3.8Mb
Flavors: r-devel-linux-x86_64-fedora-clang, r-devel-windows-x86_64, r-release-macos-arm64, r-release-macos-x86_64, r-release-windows-x86_64, r-oldrel-macos-arm64, r-oldrel-macos-x86_64, r-oldrel-windows-x86_64