Last updated on 2025-05-01 01:49:44 CEST.
Flavor | Version | Tinstall | Tcheck | Ttotal | Status | Flags |
---|---|---|---|---|---|---|
r-devel-linux-x86_64-debian-clang | 3.2.0 | 59.34 | 133.66 | 193.00 | NOTE | |
r-devel-linux-x86_64-debian-gcc | 3.2.0 | 44.71 | 87.97 | 132.68 | OK | |
r-devel-linux-x86_64-fedora-clang | 3.2.0 | 227.28 | OK | |||
r-devel-linux-x86_64-fedora-gcc | 3.2.0 | 377.00 | OK | |||
r-devel-windows-x86_64 | 3.2.0 | 69.00 | 194.00 | 263.00 | OK | |
r-patched-linux-x86_64 | 3.2.0 | 63.61 | 129.33 | 192.94 | OK | |
r-release-linux-x86_64 | 3.1.0 | 67.64 | 121.17 | 188.81 | OK | |
r-release-macos-arm64 | 3.2.0 | 99.00 | OK | |||
r-release-macos-x86_64 | 3.2.0 | 217.00 | OK | |||
r-release-windows-x86_64 | 3.2.0 | 73.00 | 179.00 | 252.00 | OK | |
r-oldrel-macos-arm64 | 3.2.0 | 106.00 | OK | |||
r-oldrel-macos-x86_64 | 3.2.0 | 219.00 | OK | |||
r-oldrel-windows-x86_64 | 3.1.0 | 85.00 | 216.00 | 301.00 | OK |
Version: 3.2.0
Check: examples
Result: NOTE
Examples with CPU (user + system) or elapsed time > 5s
user system elapsed
run.studies 5.124 0.004 6.121
gof_power 4.611 0.112 5.842
Flavor: r-devel-linux-x86_64-debian-clang