Last updated on 2024-04-18 01:55:31 CEST.
Flavor | Version | Tinstall | Tcheck | Ttotal | Status | Flags |
---|---|---|---|---|---|---|
r-devel-linux-x86_64-debian-clang | 1.5.1 | 3.69 | 44.26 | 47.95 | OK | |
r-devel-linux-x86_64-debian-gcc | 1.5.1 | 3.57 | 32.52 | 36.09 | OK | |
r-devel-linux-x86_64-fedora-clang | 1.5.1 | 60.64 | NOTE | |||
r-devel-linux-x86_64-fedora-gcc | 1.5.1 | 58.60 | OK | |||
r-prerel-macos-arm64 | 1.5.1 | 19.00 | OK | |||
r-prerel-windows-x86_64 | 1.5.1 | 5.00 | 59.00 | 64.00 | OK | |
r-patched-linux-x86_64 | 1.5.1 | 5.82 | 40.93 | 46.75 | OK | |
r-release-linux-x86_64 | 1.5.1 | 4.17 | 41.52 | 45.69 | OK | |
r-release-macos-arm64 | 1.5.1 | 24.00 | OK | |||
r-release-macos-x86_64 | 1.5.1 | 73.00 | OK | |||
r-release-windows-x86_64 | 1.5.1 | 6.00 | 62.00 | 68.00 | OK | |
r-oldrel-macos-arm64 | 1.5.1 | 38.00 | OK | |||
r-oldrel-windows-x86_64 | 1.5.1 | 6.00 | 65.00 | 71.00 | OK |
Version: 1.5.1
Check: Rd cross-references
Result: NOTE
Undeclared package ‘sp’ in Rd xrefs
Flavor: r-devel-linux-x86_64-fedora-clang