CRAN Package Check Results for Package RhpcBLASctl

Last updated on 2020-03-30 23:51:46 CEST.

Flavor Version Tinstall Tcheck Ttotal Status Flags
r-devel-linux-x86_64-debian-clang 0.20-17 3.87 19.10 22.97 WARN
r-devel-linux-x86_64-debian-gcc 0.20-17 3.27 15.23 18.50 OK
r-devel-linux-x86_64-fedora-clang 0.20-17 29.45 OK
r-devel-linux-x86_64-fedora-gcc 0.20-17 29.64 OK
r-devel-windows-ix86+x86_64 0.20-17 10.00 49.00 59.00 OK
r-devel-windows-ix86+x86_64-gcc8 0.20-17 11.00 36.00 47.00 OK
r-patched-linux-x86_64 0.20-17 3.91 18.92 22.83 WARN
r-patched-solaris-x86 0.20-17 40.90 OK
r-release-linux-x86_64 0.20-17 3.43 17.84 21.27 WARN
r-release-windows-ix86+x86_64 0.20-17 13.00 51.00 64.00 OK
r-release-osx-x86_64 0.20-17 OK
r-oldrel-windows-ix86+x86_64 0.20-17 8.00 31.00 39.00 OK
r-oldrel-osx-x86_64 0.20-17 OK

Check Details

Version: 0.20-17
Check: whether package can be installed
Result: WARN
    Found the following significant warnings:
     #warning "The <sys/sysctl.h> header is deprecated and will be removed."
Flavor: r-devel-linux-x86_64-debian-clang

Version: 0.20-17
Check: whether package can be installed
Result: WARN
    Found the following significant warnings:
     #warning "The <sys/sysctl.h> header is deprecated and will be removed."
Flavors: r-patched-linux-x86_64, r-release-linux-x86_64