Last updated on 2022-06-30 01:49:18 CEST.
Flavor | Version | Tinstall | Tcheck | Ttotal | Status | Flags |
---|---|---|---|---|---|---|
r-devel-linux-x86_64-debian-clang | 0.1.4 | 327.71 | 234.20 | 561.91 | NOTE | |
r-devel-linux-x86_64-debian-gcc | 0.1.4 | 254.15 | 173.63 | 427.78 | NOTE | |
r-devel-linux-x86_64-fedora-clang | 0.1.4 | 796.75 | NOTE | |||
r-devel-linux-x86_64-fedora-gcc | 0.1.4 | 764.16 | NOTE | |||
r-devel-windows-x86_64 | 0.1.4 | 257.00 | 304.00 | 561.00 | NOTE | |
r-patched-linux-x86_64 | 0.1.4 | 294.39 | 220.11 | 514.50 | OK | |
r-release-linux-x86_64 | 0.1.4 | 265.81 | 220.61 | 486.42 | OK | |
r-release-macos-arm64 | 0.1.4 | 171.00 | NOTE | |||
r-release-macos-x86_64 | 0.1.4 | 261.00 | NOTE | |||
r-release-windows-x86_64 | 0.1.4 | 276.00 | 294.00 | 570.00 | OK | |
r-oldrel-macos-arm64 | 0.1.4 | 142.00 | NOTE | |||
r-oldrel-macos-x86_64 | 0.1.4 | 199.00 | NOTE | |||
r-oldrel-windows-ix86+x86_64 | 0.1.4 | 747.00 | 411.00 | 1158.00 | NOTE |
Version: 0.1.4
Check: Rd files
Result: NOTE
checkRd: (-1) acg.Rd:72: Escaped LaTeX specials: \&
checkRd: (-1) gorilla.Rd:41: Escaped LaTeX specials: \&
checkRd: (-1) grassmann.utest.Rd:63: Escaped LaTeX specials: \&
checkRd: (-1) macg.Rd:71: Escaped LaTeX specials: \&
checkRd: (-1) moSN.Rd:118: Escaped LaTeX specials: \&
checkRd: (-1) riem.coreset18B.Rd:83: Escaped LaTeX specials: \&
checkRd: (-1) riem.kmeans18B.Rd:85: Escaped LaTeX specials: \&
checkRd: (-1) sphere.utest.Rd:47: Escaped LaTeX specials: \&
checkRd: (-1) spnorm.Rd:89: Escaped LaTeX specials: \&
checkRd: (-1) stiefel.utest.Rd:64: Escaped LaTeX specials: \&
checkRd: (-1) wrap.landmark.Rd:41: Escaped LaTeX specials: \&
Flavors: r-devel-linux-x86_64-debian-clang, r-devel-linux-x86_64-debian-gcc, r-devel-linux-x86_64-fedora-clang, r-devel-linux-x86_64-fedora-gcc, r-devel-windows-x86_64
Version: 0.1.4
Check: installed package size
Result: NOTE
installed size is 15.2Mb
sub-directories of 1Mb or more:
data 1.6Mb
libs 12.8Mb
Flavors: r-devel-linux-x86_64-fedora-clang, r-release-macos-arm64, r-release-macos-x86_64, r-oldrel-macos-arm64, r-oldrel-macos-x86_64, r-oldrel-windows-ix86+x86_64