CRAN Package Check Results for Package Riemann

Last updated on 2025-07-03 01:49:05 CEST.

Flavor Version Tinstall Tcheck Ttotal Status Flags
r-devel-linux-x86_64-debian-clang 0.1.4 223.27 200.78 424.05 NOTE
r-devel-linux-x86_64-debian-gcc 0.1.4 158.49 134.91 293.40 NOTE
r-devel-linux-x86_64-fedora-clang 0.1.4 737.42 NOTE
r-devel-linux-x86_64-fedora-gcc 0.1.4 715.00 NOTE
r-devel-windows-x86_64 0.1.4 239.00 230.00 469.00 NOTE
r-patched-linux-x86_64 0.1.4 218.14 184.29 402.43 NOTE
r-release-linux-x86_64 0.1.4 205.75 190.65 396.40 NOTE
r-release-macos-arm64 0.1.4 157.00 NOTE
r-release-macos-x86_64 0.1.4 238.00 NOTE
r-release-windows-x86_64 0.1.4 234.00 233.00 467.00 NOTE
r-oldrel-macos-arm64 0.1.4 164.00 NOTE
r-oldrel-macos-x86_64 0.1.4 212.00 NOTE
r-oldrel-windows-x86_64 0.1.4 239.00 300.00 539.00 NOTE

Check Details

Version: 0.1.4
Check: C++ specification
Result: NOTE Specified C++11: please drop specification unless essential Flavors: r-devel-linux-x86_64-debian-clang, r-devel-linux-x86_64-debian-gcc, r-devel-linux-x86_64-fedora-clang, r-devel-linux-x86_64-fedora-gcc, r-devel-windows-x86_64, r-patched-linux-x86_64, r-release-linux-x86_64, r-release-macos-arm64, r-release-macos-x86_64, r-release-windows-x86_64, r-oldrel-macos-arm64, r-oldrel-macos-x86_64, r-oldrel-windows-x86_64

Version: 0.1.4
Check: Rd files
Result: NOTE checkRd: (-1) acg.Rd:72: Escaped LaTeX specials: \& checkRd: (-1) gorilla.Rd:41: Escaped LaTeX specials: \& checkRd: (-1) grassmann.utest.Rd:63: Escaped LaTeX specials: \& checkRd: (-1) macg.Rd:71: Escaped LaTeX specials: \& checkRd: (-1) sphere.utest.Rd:47: Escaped LaTeX specials: \& checkRd: (-1) stiefel.utest.Rd:64: Escaped LaTeX specials: \& checkRd: (-1) wrap.landmark.Rd:41: Escaped LaTeX specials: \& Flavors: r-devel-linux-x86_64-debian-clang, r-devel-linux-x86_64-debian-gcc, r-devel-linux-x86_64-fedora-clang, r-devel-linux-x86_64-fedora-gcc, r-devel-windows-x86_64, r-patched-linux-x86_64, r-release-linux-x86_64, r-release-macos-arm64, r-release-macos-x86_64, r-release-windows-x86_64, r-oldrel-macos-arm64, r-oldrel-macos-x86_64, r-oldrel-windows-x86_64

Version: 0.1.4
Check: installed package size
Result: NOTE installed size is 17.8Mb sub-directories of 1Mb or more: data 1.6Mb libs 15.4Mb Flavors: r-oldrel-macos-arm64, r-oldrel-macos-x86_64