Last updated on 2024-08-16 01:48:28 CEST.
Flavor | Version | Tinstall | Tcheck | Ttotal | Status | Flags |
---|---|---|---|---|---|---|
r-devel-linux-x86_64-debian-clang | 0.1.0 | 27.40 | 248.72 | 276.12 | OK | |
r-devel-linux-x86_64-debian-gcc | 0.1.0 | 23.14 | 156.33 | 179.47 | OK | |
r-devel-linux-x86_64-fedora-clang | 0.1.0 | 461.67 | NOTE | |||
r-devel-linux-x86_64-fedora-gcc | 0.1.0 | 455.22 | NOTE | |||
r-devel-windows-x86_64 | 0.1.0 | 32.00 | 194.00 | 226.00 | OK | |
r-patched-linux-x86_64 | 0.1.0 | 27.05 | 227.96 | 255.01 | OK | |
r-release-linux-x86_64 | 0.1.0 | 30.52 | 234.57 | 265.09 | OK | |
r-release-macos-arm64 | 0.1.0 | 97.00 | OK | |||
r-release-macos-x86_64 | 0.1.0 | 242.00 | OK | |||
r-release-windows-x86_64 | 0.1.0 | 30.00 | 190.00 | 220.00 | OK | |
r-oldrel-macos-arm64 | 0.1.0 | 106.00 | OK | |||
r-oldrel-macos-x86_64 | 0.1.0 | 233.00 | OK | |||
r-oldrel-windows-x86_64 | 0.1.0 | 42.00 | 259.00 | 301.00 | OK |
Version: 0.1.0
Check: dependencies in R code
Result: NOTE
Namespace in Imports field not imported from: ‘maxLik’
All declared Imports should be used.
Flavors: r-devel-linux-x86_64-fedora-clang, r-devel-linux-x86_64-fedora-gcc