Last updated on 2023-06-06 01:54:13 CEST.
Flavor | Version | Tinstall | Tcheck | Ttotal | Status | Flags |
---|---|---|---|---|---|---|
r-devel-linux-x86_64-debian-clang | 0.1-4 | 412.92 | 140.71 | 553.63 | NOTE | |
r-devel-linux-x86_64-debian-gcc | 0.1-4 | 340.09 | 126.23 | 466.32 | NOTE | |
r-devel-linux-x86_64-fedora-clang | 0.1-4 | 643.88 | NOTE | |||
r-devel-linux-x86_64-fedora-gcc | 0.1-4 | 858.28 | NOTE | |||
r-devel-windows-x86_64 | 0.1-4 | 278.00 | 165.00 | 443.00 | NOTE | |
r-patched-linux-x86_64 | 0.1-4 | 275.49 | 159.32 | 434.81 | NOTE | |
r-release-linux-x86_64 | 0.1-4 | 269.10 | 160.57 | 429.67 | NOTE | |
r-release-macos-arm64 | 0.1-4 | 285.00 | NOTE | |||
r-release-macos-x86_64 | 0.1-4 | 338.00 | NOTE | |||
r-release-windows-x86_64 | 0.1-4 | 372.00 | 201.00 | 573.00 | NOTE | |
r-oldrel-macos-arm64 | 0.1-4 | 210.00 | NOTE | |||
r-oldrel-macos-x86_64 | 0.1-4 | 266.00 | NOTE | |||
r-oldrel-windows-x86_64 | 0.1-4 | 343.00 | 193.00 | 536.00 | NOTE |
Version: 0.1-4
Check: C++ specification
Result: NOTE
Specified C++14: please drop specification unless essential
Flavors: r-devel-linux-x86_64-debian-clang, r-devel-linux-x86_64-debian-gcc, r-devel-linux-x86_64-fedora-clang, r-devel-linux-x86_64-fedora-gcc, r-devel-windows-x86_64, r-patched-linux-x86_64, r-release-linux-x86_64, r-release-macos-arm64, r-release-macos-x86_64, r-release-windows-x86_64
Version: 0.1-4
Check: for GNU extensions in Makefiles
Result: NOTE
GNU make is a SystemRequirements.
Flavors: r-devel-linux-x86_64-debian-clang, r-devel-linux-x86_64-debian-gcc, r-devel-linux-x86_64-fedora-clang, r-devel-linux-x86_64-fedora-gcc, r-devel-windows-x86_64, r-patched-linux-x86_64, r-release-linux-x86_64, r-release-macos-arm64, r-release-macos-x86_64, r-release-windows-x86_64, r-oldrel-macos-arm64, r-oldrel-macos-x86_64, r-oldrel-windows-x86_64
Version: 0.1-4
Check: installed package size
Result: NOTE
installed size is 55.9Mb
sub-directories of 1Mb or more:
libs 55.3Mb
Flavors: r-release-macos-arm64, r-release-macos-x86_64, r-oldrel-macos-arm64, r-oldrel-macos-x86_64