CRAN Package Check Results for Package Rmagic

Last updated on 2020-09-20 01:50:18 CEST.

Flavor Version Tinstall Tcheck Ttotal Status Flags
r-devel-linux-x86_64-debian-clang 2.0.3 9.88 88.17 98.05 OK
r-devel-linux-x86_64-debian-gcc 2.0.3 8.21 67.57 75.78 OK
r-devel-linux-x86_64-fedora-clang 2.0.3 178.02 OK
r-devel-linux-x86_64-fedora-gcc 2.0.3 162.02 OK
r-devel-windows-ix86+x86_64 2.0.3 30.00 119.00 149.00 OK
r-patched-linux-x86_64 2.0.3 8.38 85.40 93.78 OK
r-patched-solaris-x86 2.0.3 170.80 OK
r-release-linux-x86_64 2.0.3 8.39 85.45 93.84 OK
r-release-macos-x86_64 2.0.3 OK
r-release-windows-ix86+x86_64 2.0.3 29.00 14.00 43.00 ERROR
r-oldrel-macos-x86_64 2.0.3 OK
r-oldrel-windows-ix86+x86_64 2.0.3 21.00 120.00 141.00 OK

Check Details

Version: 2.0.3
Check: whether the package can be loaded
Result: ERROR
    Loading this package had a fatal error status code 1
    Loading log:
    Loading required package: Matrix
    Error: package or namespace load failed for 'Rmagic':
     .onLoad failed in loadNamespace() for 'Rmagic', details:
     call: NULL
     error: lexical error: invalid char in json text.
     NA
     (right here) ------^
    Execution halted
Flavor: r-release-windows-ix86+x86_64