Last updated on 2024-08-16 01:48:28 CEST.
Flavor | Version | Tinstall | Tcheck | Ttotal | Status | Flags |
---|---|---|---|---|---|---|
r-devel-linux-x86_64-debian-clang | 0.5.5 | 45.82 | 69.50 | 115.32 | OK | |
r-devel-linux-x86_64-debian-gcc | 0.5.5 | 37.79 | 45.29 | 83.08 | OK | |
r-devel-linux-x86_64-fedora-clang | 0.5.5 | 191.12 | OK | |||
r-devel-linux-x86_64-fedora-gcc | 0.5.5 | 221.27 | OK | |||
r-devel-windows-x86_64 | 0.5.5 | 49.00 | 110.00 | 159.00 | OK | |
r-patched-linux-x86_64 | 0.5.5 | 53.75 | 67.08 | 120.83 | OK | |
r-release-linux-x86_64 | 0.5.5 | 54.72 | 67.44 | 122.16 | OK | |
r-release-macos-arm64 | 0.5.5 | 61.00 | NOTE | |||
r-release-macos-x86_64 | 0.5.5 | 104.00 | NOTE | |||
r-release-windows-x86_64 | 0.5.5 | 49.00 | 111.00 | 160.00 | OK | |
r-oldrel-macos-arm64 | 0.5.5 | 57.00 | NOTE | |||
r-oldrel-macos-x86_64 | 0.5.5 | 107.00 | NOTE | |||
r-oldrel-windows-x86_64 | 0.5.5 | 62.00 | 128.00 | 190.00 | OK |
Version: 0.5.5
Check: installed package size
Result: NOTE
installed size is 22.6Mb
sub-directories of 1Mb or more:
libs 22.0Mb
Flavors: r-release-macos-arm64, r-release-macos-x86_64, r-oldrel-macos-arm64, r-oldrel-macos-x86_64