Last updated on 2024-08-16 01:48:28 CEST.
Flavor | Version | Tinstall | Tcheck | Ttotal | Status | Flags |
---|---|---|---|---|---|---|
r-devel-linux-x86_64-debian-clang | 0.6.6 | 69.66 | 55.77 | 125.43 | OK | |
r-devel-linux-x86_64-debian-gcc | 0.6.6 | 53.70 | 41.54 | 95.24 | OK | |
r-devel-linux-x86_64-fedora-clang | 0.6.6 | 182.78 | OK | |||
r-devel-linux-x86_64-fedora-gcc | 0.6.6 | 239.32 | OK | |||
r-devel-windows-x86_64 | 0.6.6 | 59.00 | 106.00 | 165.00 | OK | |
r-patched-linux-x86_64 | 0.6.6 | 72.70 | 56.60 | 129.30 | OK | |
r-release-linux-x86_64 | 0.6.6 | 75.62 | 57.12 | 132.74 | OK | |
r-release-macos-arm64 | 0.6.6 | 54.00 | NOTE | |||
r-release-macos-x86_64 | 0.6.6 | 105.00 | NOTE | |||
r-release-windows-x86_64 | 0.6.6 | 63.00 | 107.00 | 170.00 | OK | |
r-oldrel-macos-arm64 | 0.6.6 | 58.00 | NOTE | |||
r-oldrel-macos-x86_64 | 0.6.6 | 137.00 | NOTE | |||
r-oldrel-windows-x86_64 | 0.6.6 | 75.00 | 124.00 | 199.00 | WARN |
Version: 0.6.6
Check: installed package size
Result: NOTE
installed size is 38.9Mb
sub-directories of 1Mb or more:
libs 38.3Mb
Flavors: r-release-macos-arm64, r-release-macos-x86_64, r-oldrel-macos-arm64, r-oldrel-macos-x86_64
Version: 0.6.6
Check: whether package can be installed
Result: WARN
Found the following significant warnings:
d:\rtools43\x86_64-w64-mingw32.static.posix\lib\gcc\x86_64-w64-mingw32.static.posix\12.3.0\include\emmintrin.h:134:24: warning: array subscript '__m128d_u[0]' is partly outside array bounds of 'Eigen::internal::plain_matrix_type<Eigen::Product<Eigen::Block<Eigen::Matrix<double, -1, -1>, 1, -1, false>, Eigen::Transpose<Eigen::Block<Eigen::Matrix<double, -1, -1>, 1, -1, false> >, 0>, Eigen::Dense>::type [1]' {aka 'Eigen::Matrix<double, 1, 1, 0, 1, 1> [1]'} [-Warray-bounds]
See 'd:/Rcompile/CRANpkg/local/4.3/RobustGaSP.Rcheck/00install.out' for details.
* used C compiler: 'gcc.exe (GCC) 12.3.0'
* used C++ compiler: 'g++.exe (GCC) 12.3.0'
Flavor: r-oldrel-windows-x86_64