Last updated on 2024-04-17 01:49:55 CEST.
Flavor | Version | Tinstall | Tcheck | Ttotal | Status | Flags |
---|---|---|---|---|---|---|
r-devel-linux-x86_64-debian-clang | 3.10.3 | 30.33 | 168.61 | 198.94 | NOTE | |
r-devel-linux-x86_64-debian-gcc | 3.10.3 | 22.36 | 125.50 | 147.86 | NOTE | |
r-devel-linux-x86_64-fedora-clang | 3.10.3 | 267.60 | NOTE | |||
r-devel-linux-x86_64-fedora-gcc | 3.10.3 | 240.35 | NOTE | |||
r-prerel-macos-arm64 | 3.10.3 | 60.00 | NOTE | |||
r-prerel-windows-x86_64 | 3.10.3 | 22.00 | 129.00 | 151.00 | NOTE | |
r-patched-linux-x86_64 | 3.10.3 | 0.53 | 2.24 | 2.77 | ERROR | |
r-release-linux-x86_64 | 3.10.3 | 17.40 | 165.05 | 182.45 | OK | |
r-release-macos-arm64 | 3.10.3 | 75.00 | OK | |||
r-release-macos-x86_64 | 3.10.3 | 142.00 | OK | |||
r-release-windows-x86_64 | 3.10.3 | 30.00 | 167.00 | 197.00 | OK | |
r-oldrel-macos-arm64 | 3.10.3 | 70.00 | OK | |||
r-oldrel-windows-x86_64 | 3.10.3 | 30.00 | 156.00 | 186.00 | OK |
Version: 3.10.3
Check: Rd files
Result: NOTE
checkRd: (-1) hyper_names.Rd:37-38: Lost braces in \itemize; meant \describe ?
checkRd: (-1) hyper_names.Rd:39-41: Lost braces in \itemize; meant \describe ?
checkRd: (-1) hyper_names.Rd:42-44: Lost braces in \itemize; meant \describe ?
checkRd: (-1) hyper_names.Rd:45-47: Lost braces in \itemize; meant \describe ?
Flavors: r-devel-linux-x86_64-debian-clang, r-devel-linux-x86_64-debian-gcc, r-devel-linux-x86_64-fedora-clang, r-devel-linux-x86_64-fedora-gcc, r-prerel-macos-arm64, r-prerel-windows-x86_64
Version: 3.10.3
Check: package dependencies
Result: ERROR
Package required but not available: ‘prophet’
See section ‘The DESCRIPTION file’ in the ‘Writing R Extensions’
manual.
Flavor: r-patched-linux-x86_64