Last updated on 2024-04-18 01:55:32 CEST.
Flavor | Version | Tinstall | Tcheck | Ttotal | Status | Flags |
---|---|---|---|---|---|---|
r-devel-linux-x86_64-debian-clang | 1.1.4 | 121.47 | 513.18 | 634.65 | OK | |
r-devel-linux-x86_64-debian-gcc | 1.1.4 | 91.95 | 359.80 | 451.75 | OK | |
r-devel-linux-x86_64-fedora-clang | 1.1.4 | 806.29 | OK | |||
r-devel-linux-x86_64-fedora-gcc | 1.1.4 | 777.11 | OK | |||
r-prerel-macos-arm64 | 1.1.4 | 193.00 | NOTE | |||
r-prerel-macos-x86_64 | 1.1.4 | 429.00 | NOTE | |||
r-prerel-windows-x86_64 | 1.1.4 | 92.00 | 364.00 | 456.00 | OK | |
r-patched-linux-x86_64 | 1.1.4 | 82.92 | 473.70 | 556.62 | OK | |
r-release-linux-x86_64 | 1.1.4 | 87.86 | 482.24 | 570.10 | OK | |
r-release-macos-arm64 | 1.1.4 | 201.00 | NOTE | |||
r-release-macos-x86_64 | 1.1.4 | 493.00 | NOTE | |||
r-release-windows-x86_64 | 1.1.4 | 115.00 | 503.00 | 618.00 | OK | |
r-oldrel-macos-arm64 | 1.1.4 | 197.00 | NOTE | |||
r-oldrel-windows-x86_64 | 1.1.4 | 108.00 | 473.00 | 581.00 | OK |
Version: 1.1.4
Check: installed package size
Result: NOTE
installed size is 7.7Mb
sub-directories of 1Mb or more:
doc 1.4Mb
libs 5.7Mb
Flavors: r-prerel-macos-arm64, r-prerel-macos-x86_64, r-release-macos-arm64, r-release-macos-x86_64, r-oldrel-macos-arm64