Last updated on 2023-06-07 02:01:11 CEST.
Flavor | Version | Tinstall | Tcheck | Ttotal | Status | Flags |
---|---|---|---|---|---|---|
r-devel-linux-x86_64-debian-clang | 1.1.2 | 108.43 | 489.91 | 598.34 | NOTE | |
r-devel-linux-x86_64-debian-gcc | 1.1.2 | 96.20 | 356.88 | 453.08 | NOTE | |
r-devel-linux-x86_64-fedora-clang | 1.1.2 | 786.48 | NOTE | |||
r-devel-linux-x86_64-fedora-gcc | 1.1.2 | 758.71 | NOTE | |||
r-devel-windows-x86_64 | 1.1.2 | 81.00 | 377.00 | 458.00 | NOTE | |
r-patched-linux-x86_64 | 1.1.2 | 70.25 | 465.28 | 535.53 | NOTE | |
r-release-linux-x86_64 | 1.1.2 | 73.21 | 458.68 | 531.89 | NOTE | |
r-release-macos-arm64 | 1.1.2 | 233.00 | NOTE | |||
r-release-macos-x86_64 | 1.1.2 | 390.00 | NOTE | |||
r-release-windows-x86_64 | 1.1.2 | 113.00 | 498.00 | 611.00 | NOTE | |
r-oldrel-macos-arm64 | 1.1.2 | 203.00 | NOTE | |||
r-oldrel-macos-x86_64 | 1.1.2 | 238.00 | NOTE | |||
r-oldrel-windows-x86_64 | 1.1.2 | 112.00 | 475.00 | 587.00 | OK |
Version: 1.1.2
Check: C++ specification
Result: NOTE
Specified C++11: please drop specification unless essential
Flavors: r-devel-linux-x86_64-debian-clang, r-devel-linux-x86_64-debian-gcc, r-devel-linux-x86_64-fedora-clang, r-devel-linux-x86_64-fedora-gcc, r-devel-windows-x86_64, r-patched-linux-x86_64, r-release-linux-x86_64, r-release-macos-arm64, r-release-macos-x86_64, r-release-windows-x86_64
Version: 1.1.2
Check: installed package size
Result: NOTE
installed size is 8.6Mb
sub-directories of 1Mb or more:
data 1.1Mb
libs 6.0Mb
Flavors: r-release-macos-arm64, r-release-macos-x86_64, r-oldrel-macos-arm64, r-oldrel-macos-x86_64