Last updated on 2024-08-16 01:48:28 CEST.
Flavor | Version | Tinstall | Tcheck | Ttotal | Status | Flags |
---|---|---|---|---|---|---|
r-devel-linux-x86_64-debian-clang | 3.1.1 | 6.63 | 322.84 | 329.47 | OK | |
r-devel-linux-x86_64-debian-gcc | 3.1.1 | 5.62 | 237.23 | 242.85 | OK | |
r-devel-linux-x86_64-fedora-clang | 3.1.1 | 533.54 | NOTE | |||
r-devel-linux-x86_64-fedora-gcc | 3.1.1 | 588.46 | NOTE | |||
r-devel-windows-x86_64 | 3.1.1 | 10.00 | 198.00 | 208.00 | OK | |
r-patched-linux-x86_64 | 3.1.1 | 6.43 | 311.59 | 318.02 | OK | |
r-release-linux-x86_64 | 3.1.1 | 6.16 | 311.80 | 317.96 | OK | |
r-release-macos-arm64 | 3.1.1 | 114.00 | OK | |||
r-release-macos-x86_64 | 3.1.1 | 230.00 | OK | |||
r-release-windows-x86_64 | 3.1.1 | 10.00 | 197.00 | 207.00 | OK | |
r-oldrel-macos-arm64 | 3.1.1 | 92.00 | OK | |||
r-oldrel-macos-x86_64 | 3.1.1 | 353.00 | OK | |||
r-oldrel-windows-x86_64 | 3.1.1 | 11.00 | 812.00 | 823.00 | OK |
Version: 3.1.1
Check: dependencies in R code
Result: NOTE
Namespaces in Imports field not imported from:
‘ROCit’ ‘corrplot’ ‘kableExtra’ ‘purrr’ ‘reshape2’
All declared Imports should be used.
Flavors: r-devel-linux-x86_64-fedora-clang, r-devel-linux-x86_64-fedora-gcc