Last updated on 2024-04-26 01:53:22 CEST.
Flavor | Version | Tinstall | Tcheck | Ttotal | Status | Flags |
---|---|---|---|---|---|---|
r-devel-linux-x86_64-debian-clang | 1.0.13 | 4.21 | 47.91 | 52.12 | OK | |
r-devel-linux-x86_64-debian-gcc | 1.0.13 | 3.52 | 36.65 | 40.17 | OK | |
r-devel-linux-x86_64-fedora-clang | 1.0.13 | 69.27 | NOTE | |||
r-devel-linux-x86_64-fedora-gcc | 1.0.13 | 78.57 | NOTE | |||
r-devel-windows-x86_64 | 1.0.13 | 4.00 | 62.00 | 66.00 | OK | |
r-patched-linux-x86_64 | 1.0.13 | 12.09 | 45.39 | 57.48 | OK | |
r-release-linux-x86_64 | 1.0.13 | 2.62 | 45.53 | 48.15 | OK | |
r-release-macos-arm64 | 1.0.13 | 40.00 | OK | |||
r-release-windows-x86_64 | 1.0.13 | 5.00 | 60.00 | 65.00 | OK | |
r-oldrel-macos-arm64 | 1.0.13 | 31.00 | OK | |||
r-oldrel-macos-x86_64 | 1.0.13 | 42.00 | OK | |||
r-oldrel-windows-x86_64 | 1.0.13 | 6.00 | 66.00 | 72.00 | OK |
Version: 1.0.13
Check: dependencies in R code
Result: NOTE
Namespace in Imports field not imported from: ‘NatureSounds’
All declared Imports should be used.
Flavors: r-devel-linux-x86_64-fedora-clang, r-devel-linux-x86_64-fedora-gcc