CRAN Package Check Results for Package Rthingsboard

Last updated on 2022-07-04 02:53:41 CEST.

Flavor Version Tinstall Tcheck Ttotal Status Flags
r-devel-linux-x86_64-debian-clang 0.2.7 6.08 50.85 56.93 OK
r-devel-linux-x86_64-debian-gcc 0.2.7 4.78 38.18 42.96 OK
r-devel-linux-x86_64-fedora-clang 0.2.7 79.95 NOTE
r-devel-linux-x86_64-fedora-gcc 0.2.7 75.22 NOTE
r-devel-windows-x86_64 0.2.7 25.00 76.00 101.00 OK
r-patched-linux-x86_64 0.2.7 6.03 47.32 53.35 OK
r-release-linux-x86_64 0.2.7 5.16 47.75 52.91 OK
r-release-macos-arm64 0.2.7 22.00 NOTE
r-release-macos-x86_64 0.2.7 43.00 NOTE
r-release-windows-x86_64 0.2.7 34.00 74.00 108.00 OK
r-oldrel-macos-arm64 0.2.7 24.00 NOTE
r-oldrel-macos-x86_64 0.2.7 30.00 NOTE
r-oldrel-windows-ix86+x86_64 0.2.7 16.00 69.00 85.00 OK

Check Details

Version: 0.2.7
Check: dependencies in R code
Result: NOTE
    Namespaces in Imports field not imported from:
     ‘httr’ ‘logger’
     All declared Imports should be used.
Flavors: r-devel-linux-x86_64-fedora-clang, r-devel-linux-x86_64-fedora-gcc, r-release-macos-arm64, r-release-macos-x86_64, r-oldrel-macos-arm64, r-oldrel-macos-x86_64