CRAN Package Check Results for Package RtutoR

Last updated on 2021-01-25 01:47:02 CET.

Flavor Version Tinstall Tcheck Ttotal Status Flags
r-devel-linux-x86_64-debian-clang 1.2 17.05 134.52 151.57 OK
r-devel-linux-x86_64-debian-gcc 1.2 14.40 100.14 114.54 OK
r-devel-linux-x86_64-fedora-clang 1.2 194.95 NOTE
r-devel-linux-x86_64-fedora-gcc 1.2 195.81 NOTE
r-devel-windows-ix86+x86_64 1.2 38.00 145.00 183.00 OK
r-patched-linux-x86_64 1.2 15.98 124.69 140.67 OK
r-release-linux-x86_64 1.2 15.91 125.12 141.03 OK
r-release-macos-x86_64 1.2 NOTE
r-release-windows-ix86+x86_64 1.2 45.00 151.00 196.00 OK
r-oldrel-macos-x86_64 1.2 NOTE
r-oldrel-windows-ix86+x86_64 1.2 28.00 121.00 149.00 OK

Check Details

Version: 1.2
Check: dependencies in R code
Result: NOTE
    Namespaces in Imports field not imported from:
     ‘DT’ ‘rmarkdown’
     All declared Imports should be used.
Flavors: r-devel-linux-x86_64-fedora-clang, r-devel-linux-x86_64-fedora-gcc, r-release-macos-x86_64, r-oldrel-macos-x86_64