Last updated on 2024-05-04 01:48:57 CEST.
Flavor | Version | Tinstall | Tcheck | Ttotal | Status | Flags |
---|---|---|---|---|---|---|
r-devel-linux-x86_64-debian-clang | 0.8-3 | 82.90 | 66.71 | 149.61 | NOTE | |
r-devel-linux-x86_64-fedora-clang | 0.8-3 | 219.88 | NOTE | |||
r-devel-linux-x86_64-fedora-gcc | 0.8-3 | 215.15 | NOTE | |||
r-devel-windows-x86_64 | 0.8-3 | 68.00 | 95.00 | 163.00 | NOTE | |
r-patched-linux-x86_64 | 0.8-3 | 87.18 | 62.74 | 149.92 | NOTE | |
r-release-linux-x86_64 | 0.8-3 | 91.31 | 64.53 | 155.84 | NOTE | |
r-release-macos-arm64 | 0.8-3 | 48.00 | NOTE | |||
r-release-windows-x86_64 | 0.8-3 | 65.00 | 97.00 | 162.00 | NOTE | |
r-oldrel-macos-arm64 | 0.8-3 | 57.00 | NOTE | |||
r-oldrel-macos-x86_64 | 0.8-3 | 92.00 | NOTE | |||
r-oldrel-windows-x86_64 | 0.8-3 | 80.00 | 99.00 | 179.00 | NOTE |
Version: 0.8-3
Check: C++ specification
Result: NOTE
Specified C++11: please drop specification unless essential
Flavors: r-devel-linux-x86_64-debian-clang, r-devel-linux-x86_64-fedora-clang, r-devel-linux-x86_64-fedora-gcc, r-devel-windows-x86_64, r-patched-linux-x86_64, r-release-linux-x86_64, r-release-macos-arm64, r-release-windows-x86_64, r-oldrel-macos-arm64, r-oldrel-macos-x86_64, r-oldrel-windows-x86_64
Version: 0.8-3
Check: installed package size
Result: NOTE
installed size is 10.3Mb
sub-directories of 1Mb or more:
libs 9.3Mb
Flavors: r-release-macos-arm64, r-oldrel-macos-arm64, r-oldrel-macos-x86_64