Last updated on 2022-05-20 01:51:15 CEST.
Flavor | Version | Tinstall | Tcheck | Ttotal | Status | Flags |
---|---|---|---|---|---|---|
r-devel-linux-x86_64-debian-clang | 1.1.5 | 515.37 | 222.58 | 737.95 | OK | |
r-devel-linux-x86_64-debian-gcc | 1.1.5 | 493.45 | 158.24 | 651.69 | OK | |
r-devel-linux-x86_64-fedora-clang | 1.1.5 | 1113.91 | NOTE | |||
r-devel-linux-x86_64-fedora-gcc | 1.1.5 | 1144.64 | OK | |||
r-devel-windows-x86_64 | 1.1.5 | 532.00 | 370.00 | 902.00 | NOTE | |
r-patched-linux-x86_64 | 1.1.5 | 502.07 | 193.73 | 695.80 | OK | |
r-release-linux-x86_64 | 1.1.5 | 492.70 | 197.38 | 690.08 | OK | |
r-release-macos-arm64 | 1.1.5 | 317.00 | NOTE | |||
r-release-macos-x86_64 | 1.1.5 | 786.00 | NOTE | |||
r-release-windows-x86_64 | 1.1.5 | 490.00 | 360.00 | 850.00 | NOTE | |
r-oldrel-macos-arm64 | 1.1.5 | 319.00 | NOTE | |||
r-oldrel-macos-x86_64 | 1.1.5 | 519.00 | NOTE | |||
r-oldrel-windows-ix86+x86_64 | 1.1.5 | 1192.00 | 496.00 | 1688.00 | NOTE |
Version: 1.1.5
Check: installed package size
Result: NOTE
installed size is 34.2Mb
sub-directories of 1Mb or more:
libs 31.6Mb
Flavors: r-devel-linux-x86_64-fedora-clang, r-devel-windows-x86_64, r-release-macos-arm64, r-release-macos-x86_64, r-release-windows-x86_64, r-oldrel-macos-arm64, r-oldrel-macos-x86_64, r-oldrel-windows-ix86+x86_64