Last updated on 2024-03-29 01:51:17 CET.
Flavor | Version | Tinstall | Tcheck | Ttotal | Status | Flags |
---|---|---|---|---|---|---|
r-devel-linux-x86_64-debian-clang | 1.1.5 | 129.10 | 119.22 | 248.32 | NOTE | |
r-devel-linux-x86_64-debian-gcc | 1.1.5 | 97.29 | 86.91 | 184.20 | NOTE | |
r-devel-linux-x86_64-fedora-clang | 1.1.5 | 364.36 | NOTE | |||
r-devel-linux-x86_64-fedora-gcc | 1.1.5 | 350.03 | NOTE | |||
r-devel-windows-x86_64 | 1.1.5 | 105.00 | 141.00 | 246.00 | NOTE | |
r-patched-linux-x86_64 | 1.1.5 | 123.22 | 116.55 | 239.77 | NOTE | |
r-release-linux-x86_64 | 1.1.5 | 127.83 | 114.89 | 242.72 | NOTE | |
r-release-macos-arm64 | 1.1.5 | 89.00 | NOTE | |||
r-release-macos-x86_64 | 1.1.5 | 166.00 | NOTE | |||
r-release-windows-x86_64 | 1.1.5 | 111.00 | 166.00 | 277.00 | NOTE | |
r-oldrel-macos-arm64 | 1.1.5 | 80.00 | NOTE | |||
r-oldrel-windows-x86_64 | 1.1.5 | 125.00 | 156.00 | 281.00 | NOTE |
Version: 1.1.5
Check: C++ specification
Result: NOTE
Specified C++14: please drop specification unless essential
Flavors: r-devel-linux-x86_64-debian-clang, r-devel-linux-x86_64-debian-gcc, r-devel-linux-x86_64-fedora-clang, r-devel-linux-x86_64-fedora-gcc, r-devel-windows-x86_64, r-patched-linux-x86_64, r-release-linux-x86_64, r-release-macos-arm64, r-release-macos-x86_64, r-release-windows-x86_64
Version: 1.1.5
Check: package dependencies
Result: NOTE
Package suggested but not available for checking: 'unix'
Flavors: r-devel-windows-x86_64, r-release-windows-x86_64, r-oldrel-windows-x86_64
Version: 1.1.5
Check: installed package size
Result: NOTE
installed size is 11.0Mb
sub-directories of 1Mb or more:
libs 9.1Mb
yacas 1.3Mb
Flavors: r-release-macos-arm64, r-release-macos-x86_64, r-oldrel-macos-arm64