CRAN Package Check Results for Package SACOBRA

Last updated on 2022-08-12 01:50:14 CEST.

Flavor Version Tinstall Tcheck Ttotal Status Flags
r-devel-linux-x86_64-debian-clang 1.2 8.97 91.79 100.76 OK
r-devel-linux-x86_64-debian-gcc 1.2 8.79 67.89 76.68 OK
r-devel-linux-x86_64-fedora-clang 1.2 126.98 NOTE
r-devel-linux-x86_64-fedora-gcc 1.2 125.20 NOTE
r-devel-windows-x86_64 1.2 38.00 121.00 159.00 OK
r-patched-linux-x86_64 1.2 11.17 84.39 95.56 OK
r-release-linux-x86_64 1.2 12.62 84.76 97.38 OK
r-release-macos-arm64 1.2 46.00 NOTE
r-release-macos-x86_64 1.2 43.00 NOTE
r-release-windows-x86_64 1.2 30.00 112.00 142.00 OK
r-oldrel-macos-arm64 1.2 41.00 NOTE
r-oldrel-macos-x86_64 1.2 62.00 NOTE
r-oldrel-windows-ix86+x86_64 1.2 20.00 103.00 123.00 OK

Check Details

Version: 1.2
Check: dependencies in R code
Result: NOTE
    Namespaces in Imports field not imported from:
     ‘R6’ ‘mgcv’
     All declared Imports should be used.
Flavors: r-devel-linux-x86_64-fedora-clang, r-devel-linux-x86_64-fedora-gcc, r-release-macos-arm64, r-release-macos-x86_64, r-oldrel-macos-arm64, r-oldrel-macos-x86_64