Last updated on 2025-04-30 01:50:36 CEST.
Flavor | Version | Tinstall | Tcheck | Ttotal | Status | Flags |
---|---|---|---|---|---|---|
r-devel-linux-x86_64-debian-clang | 1.1.1 | 7.38 | 106.40 | 113.78 | NOTE | |
r-devel-linux-x86_64-debian-gcc | 1.1.1 | 5.10 | 71.07 | 76.17 | NOTE | |
r-devel-linux-x86_64-fedora-clang | 1.1.1 | 168.70 | NOTE | |||
r-devel-linux-x86_64-fedora-gcc | 1.1.1 | 176.08 | NOTE | |||
r-devel-windows-x86_64 | 1.1.1 | 10.00 | 123.00 | 133.00 | NOTE | |
r-patched-linux-x86_64 | 1.1.1 | 8.21 | 100.89 | 109.10 | NOTE | |
r-release-linux-x86_64 | 1.1.1 | 7.32 | 99.83 | 107.15 | NOTE | |
r-release-macos-arm64 | 1.1.1 | 52.00 | NOTE | |||
r-release-macos-x86_64 | 1.1.1 | 115.00 | NOTE | |||
r-release-windows-x86_64 | 1.1.1 | 9.00 | 120.00 | 129.00 | NOTE | |
r-oldrel-macos-arm64 | 1.1.1 | 58.00 | NOTE | |||
r-oldrel-macos-x86_64 | 1.1.1 | 85.00 | NOTE | |||
r-oldrel-windows-x86_64 | 1.1.1 | 11.00 | 151.00 | 162.00 | NOTE |
Version: 1.1.1
Check: CRAN incoming feasibility
Result: NOTE
Maintainer: ‘Matthew Ludkin <m.ludkin1@lancaster.ac.uk>’
The Description field contains
<doi:10.1080/10618600.2000.10474879>; Ludkin (2019) <arXiv:1909.09421>.
Please refer to arXiv e-prints via their arXiv DOI <doi:10.48550/arXiv.YYMM.NNNNN>.
Found the following URLs which should use \doi (with the DOI name only):
File ‘drawblock.dp.Rd’:
http://doi.org/10.17635/lancaster/thesis/296
File ‘sampler.dp.Rd’:
http://doi.org/10.17635/lancaster/thesis/296
File ‘sampler.rj.Rd’:
http://doi.org/10.17635/lancaster/thesis/296
Flavors: r-devel-linux-x86_64-debian-clang, r-devel-linux-x86_64-debian-gcc
Version: 1.1.1
Check: package subdirectories
Result: NOTE
Problems with news in ‘NEWS.md’:
Cannot extract version info from the following section titles:
Updated help pages with examples
Updated conjugate model sampler
Flavors: r-devel-linux-x86_64-debian-clang, r-devel-linux-x86_64-debian-gcc, r-devel-linux-x86_64-fedora-clang, r-devel-linux-x86_64-fedora-gcc, r-devel-windows-x86_64, r-patched-linux-x86_64, r-release-linux-x86_64, r-release-macos-arm64, r-release-macos-x86_64, r-release-windows-x86_64, r-oldrel-macos-arm64, r-oldrel-macos-x86_64, r-oldrel-windows-x86_64