CRAN Package Check Results for Package SCEPtERbinary

Last updated on 2022-08-09 01:55:00 CEST.

Flavor Version Tinstall Tcheck Ttotal Status Flags
r-devel-linux-x86_64-debian-clang 0.1-1 3.08 26.32 29.40 OK
r-devel-linux-x86_64-debian-gcc 0.1-1 2.33 20.69 23.02 OK
r-devel-linux-x86_64-fedora-clang 0.1-1 47.80 NOTE
r-devel-linux-x86_64-fedora-gcc 0.1-1 46.30 NOTE
r-devel-windows-x86_64 0.1-1 12.00 50.00 62.00 OK
r-patched-linux-x86_64 0.1-1 3.07 26.04 29.11 OK
r-release-linux-x86_64 0.1-1 OK
r-release-macos-arm64 0.1-1 19.00 OK
r-release-macos-x86_64 0.1-1 25.00 OK
r-release-windows-x86_64 0.1-1 12.00 51.00 63.00 OK
r-oldrel-macos-arm64 0.1-1 26.00 OK
r-oldrel-macos-x86_64 0.1-1 30.00 OK
r-oldrel-windows-ix86+x86_64 0.1-1 10.00 54.00 64.00 OK

Check Details

Version: 0.1-1
Check: compiled code
Result: NOTE
    File ‘SCEPtERbinary/libs/SCEPtERbinary.so’:
     Found no calls to: ‘R_registerRoutines’, ‘R_useDynamicSymbols’
    
    It is good practice to register native routines and to disable symbol
    search.
    
    See ‘Writing portable packages’ in the ‘Writing R Extensions’ manual.
Flavors: r-devel-linux-x86_64-fedora-clang, r-devel-linux-x86_64-fedora-gcc