Last updated on 2023-06-06 01:54:14 CEST.
Flavor | Version | Tinstall | Tcheck | Ttotal | Status | Flags |
---|---|---|---|---|---|---|
r-devel-linux-x86_64-debian-clang | 0.1.1 | 32.08 | 47.76 | 79.84 | NOTE | |
r-devel-linux-x86_64-debian-gcc | 0.1.1 | 22.04 | 36.78 | 58.82 | NOTE | |
r-devel-linux-x86_64-fedora-clang | 0.1.1 | 116.66 | NOTE | |||
r-devel-linux-x86_64-fedora-gcc | 0.1.1 | 116.82 | NOTE | |||
r-devel-windows-x86_64 | 0.1.1 | 26.00 | 83.00 | 109.00 | NOTE | |
r-patched-linux-x86_64 | 0.1.1 | 24.27 | 46.16 | 70.43 | NOTE | |
r-release-linux-x86_64 | 0.1.1 | 22.25 | 45.62 | 67.87 | NOTE | |
r-release-macos-arm64 | 0.1.1 | 40.00 | NOTE | |||
r-release-macos-x86_64 | 0.1.1 | 85.00 | NOTE | |||
r-release-windows-x86_64 | 0.1.1 | 33.00 | 95.00 | 128.00 | NOTE | |
r-oldrel-macos-arm64 | 0.1.1 | 30.00 | NOTE | |||
r-oldrel-macos-x86_64 | 0.1.1 | 42.00 | NOTE | |||
r-oldrel-windows-x86_64 | 0.1.1 | 30.00 | 92.00 | 122.00 | NOTE |
Version: 0.1.1
Check: LazyData
Result: NOTE
'LazyData' is specified without a 'data' directory
Flavors: r-devel-linux-x86_64-debian-clang, r-devel-linux-x86_64-debian-gcc, r-devel-linux-x86_64-fedora-clang, r-devel-linux-x86_64-fedora-gcc, r-devel-windows-x86_64, r-patched-linux-x86_64, r-release-linux-x86_64, r-release-macos-arm64, r-release-macos-x86_64, r-release-windows-x86_64, r-oldrel-macos-arm64, r-oldrel-macos-x86_64, r-oldrel-windows-x86_64
Version: 0.1.1
Check: dependencies in R code
Result: NOTE
Namespaces in Imports field not imported from:
‘Matrix’ ‘pracma’
All declared Imports should be used.
Flavors: r-devel-linux-x86_64-fedora-clang, r-devel-linux-x86_64-fedora-gcc, r-oldrel-macos-arm64, r-oldrel-macos-x86_64