Last updated on 2024-04-19 01:59:00 CEST.
Flavor | Version | Tinstall | Tcheck | Ttotal | Status | Flags |
---|---|---|---|---|---|---|
r-devel-linux-x86_64-debian-clang | 0.1.1 | 33.03 | 50.98 | 84.01 | NOTE | |
r-devel-linux-x86_64-debian-gcc | 0.1.1 | 20.74 | 37.21 | 57.95 | NOTE | |
r-devel-linux-x86_64-fedora-clang | 0.1.1 | 112.15 | NOTE | |||
r-devel-linux-x86_64-fedora-gcc | 0.1.1 | 119.44 | NOTE | |||
r-prerel-macos-arm64 | 0.1.1 | 36.00 | NOTE | |||
r-prerel-windows-x86_64 | 0.1.1 | 25.00 | 83.00 | 108.00 | NOTE | |
r-patched-linux-x86_64 | 0.1.1 | 29.25 | 47.66 | 76.91 | NOTE | |
r-release-linux-x86_64 | 0.1.1 | 25.57 | 47.66 | 73.23 | NOTE | |
r-release-macos-arm64 | 0.1.1 | 40.00 | NOTE | |||
r-release-macos-x86_64 | 0.1.1 | 85.00 | NOTE | |||
r-release-windows-x86_64 | 0.1.1 | 32.00 | 95.00 | 127.00 | NOTE | |
r-oldrel-macos-arm64 | 0.1.1 | 30.00 | NOTE | |||
r-oldrel-windows-x86_64 | 0.1.1 | 31.00 | 93.00 | 124.00 | NOTE |
Version: 0.1.1
Check: LazyData
Result: NOTE
'LazyData' is specified without a 'data' directory
Flavors: r-devel-linux-x86_64-debian-clang, r-devel-linux-x86_64-debian-gcc, r-devel-linux-x86_64-fedora-clang, r-devel-linux-x86_64-fedora-gcc, r-prerel-macos-arm64, r-prerel-windows-x86_64, r-patched-linux-x86_64, r-release-linux-x86_64, r-release-macos-arm64, r-release-macos-x86_64, r-release-windows-x86_64, r-oldrel-macos-arm64, r-oldrel-windows-x86_64
Version: 0.1.1
Check: dependencies in R code
Result: NOTE
Namespaces in Imports field not imported from:
‘Matrix’ ‘pracma’
All declared Imports should be used.
Flavors: r-devel-linux-x86_64-fedora-clang, r-devel-linux-x86_64-fedora-gcc, r-oldrel-macos-arm64