Last updated on 2025-05-28 01:50:00 CEST.
Flavor | Version | Tinstall | Tcheck | Ttotal | Status | Flags |
---|---|---|---|---|---|---|
r-devel-linux-x86_64-debian-clang | 2.0.1 | 265.01 | 682.63 | 947.64 | OK | |
r-devel-linux-x86_64-debian-gcc | 2.0.1 | 156.28 | 377.55 | 533.83 | OK | |
r-devel-linux-x86_64-fedora-clang | 2.0.1 | 1539.43 | OK | |||
r-devel-linux-x86_64-fedora-gcc | 2.0.1 | 1266.87 | OK | |||
r-devel-windows-x86_64 | 2.0.1 | 214.00 | 436.00 | 650.00 | OK | |
r-patched-linux-x86_64 | 2.0.1 | 238.92 | 633.09 | 872.01 | OK | |
r-release-linux-x86_64 | 2.0.1 | 237.88 | 637.55 | 875.43 | OK | |
r-release-macos-arm64 | 2.0.1 | 293.00 | OK | |||
r-release-macos-x86_64 | 2.0.1 | 640.00 | OK | |||
r-release-windows-x86_64 | 2.0.1 | 217.00 | 438.00 | 655.00 | OK | |
r-oldrel-macos-arm64 | 2.0.1 | 254.00 | NOTE | |||
r-oldrel-macos-x86_64 | 2.0.1 | 478.00 | NOTE | |||
r-oldrel-windows-x86_64 | 2.0.1 | 315.00 | 633.00 | 948.00 | NOTE |
Version: 2.0.1
Check: installed package size
Result: NOTE
installed size is 9.2Mb
sub-directories of 1Mb or more:
R 8.6Mb
Flavors: r-oldrel-macos-arm64, r-oldrel-macos-x86_64, r-oldrel-windows-x86_64