Last updated on 2025-10-31 01:49:12 CET.
| Flavor | Version | Tinstall | Tcheck | Ttotal | Status | Flags | 
|---|---|---|---|---|---|---|
| r-devel-linux-x86_64-debian-clang | 1.0.1 | 6.52 | 213.22 | 219.74 | NOTE | |
| r-devel-linux-x86_64-debian-gcc | 1.0.1 | 4.62 | 199.63 | 204.25 | NOTE | |
| r-devel-linux-x86_64-fedora-clang | 1.0.1 | 15.00 | 328.15 | 343.15 | OK | |
| r-devel-linux-x86_64-fedora-gcc | 1.0.1 | 14.00 | 365.85 | 379.85 | OK | |
| r-devel-windows-x86_64 | 1.0.1 | 7.00 | 264.00 | 271.00 | OK | |
| r-patched-linux-x86_64 | 1.0.1 | 5.56 | 303.68 | 309.24 | OK | |
| r-release-linux-x86_64 | 1.0.1 | 5.96 | 305.61 | 311.57 | OK | |
| r-release-macos-arm64 | 1.0.1 | 4.00 | 189.00 | 193.00 | OK | |
| r-release-macos-x86_64 | 1.0.1 | 5.00 | 357.00 | 362.00 | OK | |
| r-release-windows-x86_64 | 1.0.1 | 8.00 | 265.00 | 273.00 | OK | |
| r-oldrel-macos-arm64 | 1.0.1 | 3.00 | 158.00 | 161.00 | OK | |
| r-oldrel-macos-x86_64 | 1.0.1 | 4.00 | 243.00 | 247.00 | OK | |
| r-oldrel-windows-x86_64 | 1.0.1 | 10.00 | 372.00 | 382.00 | OK | 
Version: 1.0.1
Check: CRAN incoming feasibility
Result: NOTE
  Maintainer: ‘Jocelyn Chi <jocetchi@gmail.com>’
  
  Package CITATION file contains call(s) to old-style citEntry().  Please
  use bibentry() instead.
  
  The Description field contains
    Hsiao, Lin, Wang, Lee, Lu, and Tzeng. (2021+) <arXiv:2105.03228>.
  Please refer to arXiv e-prints via their arXiv DOI <doi:10.48550/arXiv.YYMM.NNNNN>.
Flavors: r-devel-linux-x86_64-debian-clang, r-devel-linux-x86_64-debian-gcc