Last updated on 2022-05-27 02:50:26 CEST.
Flavor | Version | Tinstall | Tcheck | Ttotal | Status | Flags |
---|---|---|---|---|---|---|
r-devel-linux-x86_64-debian-clang | 1.1.1 | 16.78 | 137.73 | 154.51 | OK | |
r-devel-linux-x86_64-debian-gcc | 1.1.1 | 14.28 | 119.71 | 133.99 | OK | |
r-devel-linux-x86_64-fedora-clang | 1.1.1 | 177.52 | NOTE | |||
r-devel-linux-x86_64-fedora-gcc | 1.1.1 | 172.22 | NOTE | |||
r-devel-windows-x86_64 | 1.1.1 | 17.00 | 144.00 | 161.00 | OK | |
r-patched-linux-x86_64 | 1.1.1 | 13.28 | 127.94 | 141.22 | OK | |
r-release-linux-x86_64 | 1.1.1 | 14.69 | 129.07 | 143.76 | OK | |
r-release-macos-arm64 | 1.1.1 | 46.00 | NOTE | |||
r-release-macos-x86_64 | 1.1.1 | 80.00 | NOTE | |||
r-release-windows-x86_64 | 1.1.1 | 23.00 | 153.00 | 176.00 | OK | |
r-oldrel-macos-arm64 | 1.1.1 | 52.00 | NOTE | |||
r-oldrel-macos-x86_64 | 1.1.1 | 67.00 | NOTE | |||
r-oldrel-windows-ix86+x86_64 | 1.1.1 | 35.00 | 146.00 | 181.00 | OK |
Version: 1.1.1
Check: dependencies in R code
Result: NOTE
Namespace in Imports field not imported from: ‘knitr’
All declared Imports should be used.
Flavors: r-devel-linux-x86_64-fedora-clang, r-devel-linux-x86_64-fedora-gcc, r-release-macos-arm64, r-release-macos-x86_64, r-oldrel-macos-arm64, r-oldrel-macos-x86_64