Last updated on 2025-11-15 03:50:28 CET.
| Flavor | Version | Tinstall | Tcheck | Ttotal | Status | Flags |
|---|---|---|---|---|---|---|
| r-devel-linux-x86_64-debian-clang | 0.1.1 | 15.46 | 64.06 | 79.52 | NOTE | |
| r-devel-linux-x86_64-debian-gcc | 0.1.1 | 9.85 | 47.53 | 57.38 | NOTE | |
| r-devel-linux-x86_64-fedora-clang | 0.1.1 | 45.00 | 82.68 | 127.68 | OK | |
| r-devel-linux-x86_64-fedora-gcc | 0.1.1 | 37.00 | 79.50 | 116.50 | OK | |
| r-devel-windows-x86_64 | 0.1.1 | 22.00 | 83.00 | 105.00 | OK | |
| r-patched-linux-x86_64 | 0.1.1 | 15.16 | 59.48 | 74.64 | OK | |
| r-release-linux-x86_64 | 0.1.1 | 13.56 | 59.72 | 73.28 | OK | |
| r-release-macos-arm64 | 0.1.1 | 10.00 | 37.00 | 47.00 | OK | |
| r-release-macos-x86_64 | 0.1.1 | 14.00 | 66.00 | 80.00 | OK | |
| r-release-windows-x86_64 | 0.1.1 | 20.00 | 88.00 | 108.00 | OK | |
| r-oldrel-macos-arm64 | 0.1.1 | 8.00 | 29.00 | 37.00 | NOTE | |
| r-oldrel-macos-x86_64 | 0.1.1 | 11.00 | 45.00 | 56.00 | NOTE | |
| r-oldrel-windows-x86_64 | 0.1.1 | 25.00 | 106.00 | 131.00 | NOTE |
Version: 0.1.1
Check: CRAN incoming feasibility
Result: NOTE
Maintainer: ‘Jie Qiao <qiaojie2004@vip.qq.com>’
Package CITATION file contains call(s) to old-style personList() or
as.personList(). Please use c() on person objects instead.
Package CITATION file contains call(s) to old-style citEntry(). Please
use bibentry() instead.
Flavors: r-devel-linux-x86_64-debian-clang, r-devel-linux-x86_64-debian-gcc
Version: 0.1.1
Check: LazyData
Result: NOTE
'LazyData' is specified without a 'data' directory
Flavors: r-oldrel-macos-arm64, r-oldrel-macos-x86_64, r-oldrel-windows-x86_64